{"id":52,"date":"2024-04-01T07:57:44","date_gmt":"2024-04-01T07:57:44","guid":{"rendered":"https:\/\/haiantique.com\/esenco\/?page_id=52"},"modified":"2024-04-22T09:03:36","modified_gmt":"2024-04-22T02:03:36","slug":"tam-nhin-va-su-menh","status":"publish","type":"page","link":"https:\/\/esenco.com.vn\/?page_id=52","title":{"rendered":"T\u1ea7m nh\u00ecn v\u00e0 s\u1ee9 m\u1ec7nh"},"content":{"rendered":"\t<section class=\"section\" id=\"section_868465652\">\n\t\t<div class=\"bg section-bg fill bg-fill  \" >\n\n\t\t\t\n\t\t\t<div class=\"section-bg-overlay absolute fill\"><\/div>\n\t\t\t\n\n\t\t<\/div>\n\n\t\t\n\n\t\t<div class=\"section-content relative\">\n\t\t\t\n\t<div id=\"gap-407225939\" class=\"gap-element clearfix\" style=\"display:block; height:auto;\">\n\t\t\n<style>\n#gap-407225939 {\n  padding-top: 30px;\n}\n<\/style>\n\t<\/div>\n\t\n<div class=\"row align-center\"  id=\"row-2016193496\">\n\n\t<div id=\"col-1434749065\" class=\"col medium-5 small-12 large-5\"  >\n\t\t\t\t<div class=\"col-inner\"  >\n\t\t\t\n\t\t\t\n\t<div id=\"text-3744985372\" class=\"text section-title-container sub-title\">\n\t\t\n<h2 class=\"section-title section-title-center\"><b><\/b><span class=\"section-title-main\">T\u1ea7m nh\u00ecn s\u1ee9 m\u1ec7nh<\/span><b><\/b><\/h2>\n\t\t\n<style>\n#text-3744985372 {\n  color: rgb(255,255,255);\n}\n#text-3744985372 > * {\n  color: rgb(255,255,255);\n}\n<\/style>\n\t<\/div>\n\t\n\t<div id=\"text-1530226528\" class=\"text background-linear m5\">\n\t\t\n<h2 class=\"uppercase\"><span>C\u00d4NG TY C\u1ed4 ph\u1ea7n N\u0102NG L\u01af\u1ee2NG XANH \u0110A<br \/>\nQU\u1ed0C GIA  <\/span><\/h2>\n\t\t\n<style>\n#text-1530226528 {\n  font-size: 1.75rem;\n  text-align: center;\n  color: rgb(255,255,255);\n}\n#text-1530226528 > * {\n  color: rgb(255,255,255);\n}\n<\/style>\n\t<\/div>\n\t\n\t\t<\/div>\n\t\t\t\t\t<\/div>\n\n\t\n<\/div>\n\t\t<\/div>\n\n\t\t\n<style>\n#section_868465652 {\n  padding-top: 60px;\n  padding-bottom: 60px;\n  min-height: 400px;\n}\n#section_868465652 .section-bg-overlay {\n  background-color: rgba(0, 0, 0, 0.831);\n}\n#section_868465652 .section-bg.bg-loaded {\n  background-image: url(https:\/\/esenco.com.vn\/wp-content\/uploads\/2024\/04\/z5334747974472_8097db6295db4d3720f322f2e6c90eba.jpg);\n}\n#section_868465652 .section-bg {\n  background-position: 18% 25%;\n}\n<\/style>\n\t<\/section>\n\t\n\t<section class=\"section about-us\" id=\"section_1928554467\">\n\t\t<div class=\"bg section-bg fill bg-fill  bg-loaded\" >\n\n\t\t\t\n\t\t\t\n\t\t\t\n\n\t\t<\/div>\n\n\t\t\n\n\t\t<div class=\"section-content relative\">\n\t\t\t\n<div class=\"row row-collapse\"  id=\"row-414625506\">\n\n\t<div id=\"col-103416899\" class=\"col radius-right-top text-justify medium-7 large-7\"  >\n\t\t\t\t<div class=\"col-inner\"  >\n\t\t\t\n\t\t\t\n\t<div id=\"text-1042982408\" class=\"text over-back over-back-about\">\n\t\t\n<h4><span style=\"font-size: 40%;\">VISION<\/span><\/h4>\n\t\t\t<\/div>\n\t\n\t<div id=\"text-3397473628\" class=\"text background-linear m5\">\n\t\t\n<h2 class=\"uppercase\"><span>T\u1ea6M NH\u00ccN ESENCO <\/span><\/h2>\n\t\t\n<style>\n#text-3397473628 {\n  font-size: 1.55rem;\n}\n<\/style>\n\t<\/div>\n\t\n\t<div id=\"text-3086360846\" class=\"text text-justify\">\n\t\t\n<p>V\u1edbi <strong>ESENCO <\/strong>, vi\u1ec7c nghi\u00ean c\u1ee9u, s\u1ea3n xu\u1ea5t ra nh\u1eefng s\u1ea3n ph\u1ea9m chi\u1ebfu s\u00e1ng \u01b0u vi\u1ec7t kh\u00f4ng ph\u1ea3i ch\u1ec9 l\u00e0 m\u1ed9t ho\u1ea1t \u0111\u1ed9ng kinh doanh th\u00f4ng th\u01b0\u1eddng. Quan tr\u1ecdng h\u01a1n, n\u00f3 ph\u1ea3i \u0111\u00f3ng g\u00f3p v\u00e0o cho s\u1ef1 ph\u00e1t tri\u1ec3n c\u1ee7a qu\u1ed1c gia. \u0110\u1ec3 m\u1ed7i h\u1ed9 gia \u0111\u00ecnh, m\u1ed7i c\u01a1 quan, \u0111\u01a1n v\u1ecb, m\u1ed7i nh\u00e0 m\u00e1y, x\u00ed nghi\u1ec7p \u0111\u1ec1u c\u00f3 \u0111\u01b0\u1ee3c \u0111i\u1ec1u ki\u1ec7n sinh ho\u1ea1t, h\u1ecdc t\u1eadp, l\u00e0m vi\u1ec7c l\u00fd t\u01b0\u1edfng nh\u1ea5t.<\/p>\n<p>Trong cu\u1ed9c s\u1ed1ng h\u1eb1ng ng\u00e0y, \u00e1nh s\u00e1ng l\u00e0 m\u1ed9t trong nh\u1eefng y\u1ebfu t\u1ed1 t\u1ef1 nhi\u00ean m\u00e0 ch\u00fang ta ti\u1ebfp x\u00fac nhi\u1ec1u nh\u1ea5t. Tuy nhi\u00ean, kh\u00f4ng ph\u1ea3i th\u01b0\u01a1ng hi\u1ec7u \u0111\u00e8n chi\u1ebfu s\u00e1ng n\u00e0o c\u0169ng c\u00f3 th\u1ec3 mang t\u1edbi cho ng\u01b0\u1eddi d\u00f9ng s\u1ea3n ph\u1ea9m ch\u1ea5t l\u01b0\u1ee3ng. B\u00ean c\u1ea1nh \u0111\u00f3, s\u1ef1 xu\u1ea5t hi\u1ec7n tr\u00e0n lan c\u1ee7a h\u00e0ng gi\u1ea3, h\u00e0ng nh\u00e1i \u0111ang tr\u1edf th\u00e0nh m\u1ed1i nguy h\u1ea1i r\u1ea5t l\u1edbn. Do \u0111\u00f3, s\u1ef1 ph\u00e1t tri\u1ec3n c\u1ee7a <strong>ESENCO <\/strong><strong>LIGHTING<\/strong>\u00a0kh\u00f4ng ch\u1ec9 c\u00f3 \u00fd ngh\u0129a v\u1ec1 m\u1eb7t kinh t\u1ebf, m\u00e0 c\u00f2n c\u00f3 \u00fd ngh\u0129a v\u1ec1 m\u1eb7t x\u00e3 h\u1ed9i.<\/p>\n<p>Ch\u00ednh v\u00ec v\u1eady, ch\u00fang t\u00f4i lu\u00f4n \u0111\u1eb7t l\u00ean vai m\u00ecnh nh\u1eefng tr\u1ecdng tr\u00e1ch l\u1edbn lao v\u00e0 t\u1ea7m nh\u00ecn xa r\u1ed9ng.\u00a0<\/p>\n\t\t\t<\/div>\n\t\n\t\t<\/div>\n\t\t\t\t\n<style>\n#col-103416899 > .col-inner {\n  padding: 50px 40px 30px 40px;\n  margin: -50px 0px 0px 0px;\n}\n<\/style>\n\t<\/div>\n\n\t\n\n\t<div id=\"col-2044862605\" class=\"col medium-5 large-5\"  >\n\t\t\t\t<div class=\"col-inner\"  >\n\t\t\t\n\t\t\t\n\n  <div class=\"banner has-hover banner has-hover radius-right-top\" id=\"banner-1348687145\">\n          <div class=\"banner-inner fill\">\n        <div class=\"banner-bg fill\" >\n            <div class=\"bg fill bg-fill \"><\/div>\n                                    \n                    <\/div>\n\t\t\n        <div class=\"banner-layers container\">\n            <div class=\"fill banner-link\"><\/div>            \n   <div id=\"text-box-1330261020\" class=\"text-box banner-layer x50 md-x50 lg-x50 y50 md-y50 lg-y50 res-text\">\n                                <div class=\"text-box-content text dark\">\n              \n              <div class=\"text-inner text-center\">\n                  \n              <\/div>\n           <\/div>\n                            \n<style>\n#text-box-1330261020 {\n  width: 60%;\n}\n#text-box-1330261020 .text-box-content {\n  font-size: 100%;\n}\n<\/style>\n    <\/div>\n \n        <\/div>\n      <\/div>\n\n            \n<style>\n#banner-1348687145 {\n  padding-top: 99.99%;\n}\n#banner-1348687145 .bg.bg-loaded {\n  background-image: url(https:\/\/esenco.com.vn\/wp-content\/uploads\/2024\/04\/z5334747974472_8097db6295db4d3720f322f2e6c90eba-891x1024.jpg);\n}\n#banner-1348687145 .bg {\n  background-position: 100% 98%;\n}\n<\/style>\n  <\/div>\n\n\n\t\t<\/div>\n\t\t\t\t\n<style>\n#col-2044862605 > .col-inner {\n  margin: -50px 0px 0px 0px;\n}\n<\/style>\n\t<\/div>\n\n\t\n<\/div>\n\t<div id=\"gap-1902481927\" class=\"gap-element clearfix\" style=\"display:block; height:auto;\">\n\t\t\n<style>\n#gap-1902481927 {\n  padding-top: 60px;\n}\n<\/style>\n\t<\/div>\n\t\n<div class=\"row\"  id=\"row-1703738560\">\n\n\t<div id=\"col-2103367586\" class=\"col medium-4 small-12 large-4\"  >\n\t\t\t\t<div class=\"col-inner\"  >\n\t\t\t\n\t\t\t\n\t<div class=\"box has-hover trendy-box-img-style1  has-hover box-text-bottom\" >\n\n\t\t<div class=\"box-image\" style=\"width:27%;\">\n\t\t\t\t\t\t<div class=\"\" >\n\t\t\t\t<img decoding=\"async\" src=\"https:\/\/esenco.com.vn\/wp-content\/themes\/flatsome\/assets\/img\/missing.jpg\" \/>\t\t\t\t\t\t\t\t\t\t\t<\/div>\n\t\t\t\t\t<\/div>\n\n\t\t<div class=\"box-text text-center\" >\n\t\t\t<div class=\"box-text-inner\">\n\t\t\t\t\n\t<div id=\"text-3447995362\" class=\"text section-title-container m-b5\">\n\t\t\n<h4 class=\"section-title section-title-bold\"><b><\/b><span class=\"section-title-main\">Trong 5 n\u0103m ti\u1ebfp theo<\/span><b><\/b><\/h4>\n\t\t\t<\/div>\n\t\n\t<div id=\"text-3293321781\" class=\"text text-justify\">\n\t\t\n<p>ESENCO LIGHTING ti\u1ebfp t\u1ee5c m\u1edf r\u1ed9ng quy m\u00f4 s\u1ea3n xu\u1ea5t v\u1edbi trang thi\u1ebft b\u1ecb hi\u1ec7n \u0111\u1ea1i v\u00e0 ngu\u1ed3n nh\u00e2n c\u00f4ng d\u1ed3i d\u00e0o. C\u00f9ng v\u1edbi \u0111\u00f3, gi\u00e0nh \u0111\u01b0\u1ee3c nhi\u1ec1u h\u01a1n nh\u1eefng gi\u1ea3i th\u01b0\u1edfng cao qu\u00fd \u0111\u1ec3 n\u00e2ng cao uy t\u00edn v\u1edbi kh\u00e1ch h\u00e0ng.<\/p>\n\t\t\t<\/div>\n\t\n\t\t\t<\/div>\n\t\t<\/div>\n\t<\/div>\n\t\n\t\t<\/div>\n\t\t\t\t\t<\/div>\n\n\t\n\n\t<div id=\"col-634137099\" class=\"col medium-4 small-12 large-4\"  >\n\t\t\t\t<div class=\"col-inner\"  >\n\t\t\t\n\t\t\t\n\t<div class=\"box has-hover trendy-box-img-style1  has-hover box-text-bottom\" >\n\n\t\t<div class=\"box-image\" style=\"width:27%;\">\n\t\t\t\t\t\t<div class=\"\" >\n\t\t\t\t<img decoding=\"async\" src=\"https:\/\/esenco.com.vn\/wp-content\/themes\/flatsome\/assets\/img\/missing.jpg\" \/>\t\t\t\t\t\t\t\t\t\t\t<\/div>\n\t\t\t\t\t<\/div>\n\n\t\t<div class=\"box-text text-center\" >\n\t\t\t<div class=\"box-text-inner\">\n\t\t\t\t\n\t<div id=\"text-3605420720\" class=\"text section-title-container m-b5\">\n\t\t\n<h4 class=\"section-title section-title-bold\"><b><\/b><span class=\"section-title-main\">Trong 5 n\u0103m ti\u1ebfp theo<\/span><b><\/b><\/h4>\n\t\t\t<\/div>\n\t\n\t<div id=\"text-3409702148\" class=\"text text-justify\">\n\t\t\n<p>ESENCO LIGHTING ti\u1ebfp t\u1ee5c m\u1edf r\u1ed9ng quy m\u00f4 s\u1ea3n xu\u1ea5t v\u1edbi trang thi\u1ebft b\u1ecb hi\u1ec7n \u0111\u1ea1i v\u00e0 ngu\u1ed3n nh\u00e2n c\u00f4ng d\u1ed3i d\u00e0o. C\u00f9ng v\u1edbi \u0111\u00f3, gi\u00e0nh \u0111\u01b0\u1ee3c nhi\u1ec1u h\u01a1n nh\u1eefng gi\u1ea3i th\u01b0\u1edfng cao qu\u00fd \u0111\u1ec3 n\u00e2ng cao uy t\u00edn v\u1edbi kh\u00e1ch h\u00e0ng.<\/p>\n\t\t\t<\/div>\n\t\n\t\t\t<\/div>\n\t\t<\/div>\n\t<\/div>\n\t\n\t\t<\/div>\n\t\t\t\t\t<\/div>\n\n\t\n\n\t<div id=\"col-1833183716\" class=\"col medium-4 small-12 large-4\"  >\n\t\t\t\t<div class=\"col-inner\"  >\n\t\t\t\n\t\t\t\n\t<div class=\"box has-hover trendy-box-img-style1  has-hover box-text-bottom\" >\n\n\t\t<div class=\"box-image\" style=\"width:27%;\">\n\t\t\t\t\t\t<div class=\"\" >\n\t\t\t\t<img decoding=\"async\" src=\"https:\/\/esenco.com.vn\/wp-content\/themes\/flatsome\/assets\/img\/missing.jpg\" \/>\t\t\t\t\t\t\t\t\t\t\t<\/div>\n\t\t\t\t\t<\/div>\n\n\t\t<div class=\"box-text text-center\" >\n\t\t\t<div class=\"box-text-inner\">\n\t\t\t\t\n\t<div id=\"text-3482791661\" class=\"text section-title-container m-b5\">\n\t\t\n<h4 class=\"section-title section-title-bold\"><b><\/b><span class=\"section-title-main\">Trong 5 n\u0103m ti\u1ebfp theo<\/span><b><\/b><\/h4>\n\t\t\t<\/div>\n\t\n\t<div id=\"text-3144527123\" class=\"text text-justify\">\n\t\t\n<p>ESENCO LIGHTING ti\u1ebfp t\u1ee5c m\u1edf r\u1ed9ng quy m\u00f4 s\u1ea3n xu\u1ea5t v\u1edbi trang thi\u1ebft b\u1ecb hi\u1ec7n \u0111\u1ea1i v\u00e0 ngu\u1ed3n nh\u00e2n c\u00f4ng d\u1ed3i d\u00e0o. C\u00f9ng v\u1edbi \u0111\u00f3, gi\u00e0nh \u0111\u01b0\u1ee3c nhi\u1ec1u h\u01a1n nh\u1eefng gi\u1ea3i th\u01b0\u1edfng cao qu\u00fd \u0111\u1ec3 n\u00e2ng cao uy t\u00edn v\u1edbi kh\u00e1ch h\u00e0ng.<\/p>\n\t\t\t<\/div>\n\t\n\t\t\t<\/div>\n\t\t<\/div>\n\t<\/div>\n\t\n\t\t<\/div>\n\t\t\t\t\t<\/div>\n\n\t\n<\/div>\n\t\t<\/div>\n\n\t\t\n<style>\n#section_1928554467 {\n  padding-top: 30px;\n  padding-bottom: 30px;\n}\n<\/style>\n\t<\/section>\n\t\n\t<div id=\"gap-431455333\" class=\"gap-element clearfix\" style=\"display:block; height:auto;\">\n\t\t\n<style>\n#gap-431455333 {\n  padding-top: 60px;\n}\n<\/style>\n\t<\/div>\n\t\n\t<section class=\"section about-us\" id=\"section_462322341\">\n\t\t<div class=\"bg section-bg fill bg-fill  bg-loaded\" >\n\n\t\t\t\n\t\t\t<div class=\"section-bg-overlay absolute fill\"><\/div>\n\t\t\t\n\n\t\t<\/div>\n\n\t\t\t<div class=\"ux-shape-divider ux-shape-divider--top ux-shape-divider--style-tilt\">\n\t\t<svg viewBox=\"0 0 1000 100\" xmlns=\"http:\/\/www.w3.org\/2000\/svg\" preserveAspectRatio=\"none\">\n\t<path class=\"ux-shape-fill\" d=\"M1000 100V0L-40 100H1000Z\"\/>\n<\/svg>\n\t<\/div>\n\n\n\t\t<div class=\"section-content relative\">\n\t\t\t\n\t<div id=\"gap-263326382\" class=\"gap-element clearfix\" style=\"display:block; height:auto;\">\n\t\t\n<style>\n#gap-263326382 {\n  padding-top: 60px;\n}\n<\/style>\n\t<\/div>\n\t\n<div class=\"row row-collapse\"  id=\"row-1359201228\">\n\n\t<div id=\"col-762073236\" class=\"col medium-5 large-5\"  >\n\t\t\t\t<div class=\"col-inner\"  >\n\t\t\t\n\t\t\t\n\n  <div class=\"banner has-hover banner has-hover radius-left-top\" id=\"banner-538306339\">\n          <div class=\"banner-inner fill\">\n        <div class=\"banner-bg fill\" >\n            <div class=\"bg fill bg-fill \"><\/div>\n                                    \n                    <\/div>\n\t\t\n        <div class=\"banner-layers container\">\n            <div class=\"fill banner-link\"><\/div>            \n   <div id=\"text-box-596534165\" class=\"text-box banner-layer x50 md-x50 lg-x50 y50 md-y50 lg-y50 res-text\">\n                                <div class=\"text-box-content text dark\">\n              \n              <div class=\"text-inner text-center\">\n                  \n              <\/div>\n           <\/div>\n                            \n<style>\n#text-box-596534165 {\n  width: 60%;\n}\n#text-box-596534165 .text-box-content {\n  font-size: 100%;\n}\n<\/style>\n    <\/div>\n \n        <\/div>\n      <\/div>\n\n            \n<style>\n#banner-538306339 {\n  padding-top: 99.99%;\n}\n#banner-538306339 .bg.bg-loaded {\n  background-image: url(https:\/\/esenco.com.vn\/wp-content\/uploads\/2024\/04\/z5334747974472_8097db6295db4d3720f322f2e6c90eba-891x1024.jpg);\n}\n#banner-538306339 .bg {\n  background-position: 42% 75%;\n}\n<\/style>\n  <\/div>\n\n\n\t\t<\/div>\n\t\t\t\t\n<style>\n#col-762073236 > .col-inner {\n  margin: -50px 0px 0px 0px;\n}\n<\/style>\n\t<\/div>\n\n\t\n\n\t<div id=\"col-2118035150\" class=\"col radius-right-top text-justify medium-7 large-7\"  >\n\t\t\t\t<div class=\"col-inner\"  >\n\t\t\t\n\t\t\t\n\t<div id=\"text-76365591\" class=\"text over-back top right\">\n\t\t\n<h4><span style=\"font-size: 70%;\">mission<\/span><\/h4>\n\t\t\t<\/div>\n\t\n\t<div id=\"text-3679340035\" class=\"text background-linear m5\">\n\t\t\n<h2 class=\"uppercase\"><span>S\u1ee8 M\u1ec6NH ESENCO <\/span><\/h2>\n\t\t\n<style>\n#text-3679340035 {\n  font-size: 1.55rem;\n}\n<\/style>\n\t<\/div>\n\t\n\t<div id=\"text-4151536373\" class=\"text text-justify\">\n\t\t\n<p>V\u1edbi <strong>ESENCO <\/strong>, vi\u1ec7c nghi\u00ean c\u1ee9u, s\u1ea3n xu\u1ea5t ra nh\u1eefng s\u1ea3n ph\u1ea9m chi\u1ebfu s\u00e1ng \u01b0u vi\u1ec7t kh\u00f4ng ph\u1ea3i ch\u1ec9 l\u00e0 m\u1ed9t ho\u1ea1t \u0111\u1ed9ng kinh doanh th\u00f4ng th\u01b0\u1eddng. Quan tr\u1ecdng h\u01a1n, n\u00f3 ph\u1ea3i \u0111\u00f3ng g\u00f3p v\u00e0o cho s\u1ef1 ph\u00e1t tri\u1ec3n c\u1ee7a qu\u1ed1c gia. \u0110\u1ec3 m\u1ed7i h\u1ed9 gia \u0111\u00ecnh, m\u1ed7i c\u01a1 quan, \u0111\u01a1n v\u1ecb, m\u1ed7i nh\u00e0 m\u00e1y, x\u00ed nghi\u1ec7p \u0111\u1ec1u c\u00f3 \u0111\u01b0\u1ee3c \u0111i\u1ec1u ki\u1ec7n sinh ho\u1ea1t, h\u1ecdc t\u1eadp, l\u00e0m vi\u1ec7c l\u00fd t\u01b0\u1edfng nh\u1ea5t.<\/p>\n<p>Trong cu\u1ed9c s\u1ed1ng h\u1eb1ng ng\u00e0y, \u00e1nh s\u00e1ng l\u00e0 m\u1ed9t trong nh\u1eefng y\u1ebfu t\u1ed1 t\u1ef1 nhi\u00ean m\u00e0 ch\u00fang ta ti\u1ebfp x\u00fac nhi\u1ec1u nh\u1ea5t. Tuy nhi\u00ean, kh\u00f4ng ph\u1ea3i th\u01b0\u01a1ng hi\u1ec7u \u0111\u00e8n chi\u1ebfu s\u00e1ng n\u00e0o c\u0169ng c\u00f3 th\u1ec3 mang t\u1edbi cho ng\u01b0\u1eddi d\u00f9ng s\u1ea3n ph\u1ea9m ch\u1ea5t l\u01b0\u1ee3ng. B\u00ean c\u1ea1nh \u0111\u00f3, s\u1ef1 xu\u1ea5t hi\u1ec7n tr\u00e0n lan c\u1ee7a h\u00e0ng gi\u1ea3, h\u00e0ng nh\u00e1i \u0111ang tr\u1edf th\u00e0nh m\u1ed1i nguy h\u1ea1i r\u1ea5t l\u1edbn. Do \u0111\u00f3, s\u1ef1 ph\u00e1t tri\u1ec3n c\u1ee7a <strong>ESENCO <\/strong><strong>LIGHTING<\/strong>\u00a0kh\u00f4ng ch\u1ec9 c\u00f3 \u00fd ngh\u0129a v\u1ec1 m\u1eb7t kinh t\u1ebf, m\u00e0 c\u00f2n c\u00f3 \u00fd ngh\u0129a v\u1ec1 m\u1eb7t x\u00e3 h\u1ed9i.<\/p>\n<p>Ch\u00ednh v\u00ec v\u1eady, ch\u00fang t\u00f4i lu\u00f4n \u0111\u1eb7t l\u00ean vai m\u00ecnh nh\u1eefng tr\u1ecdng tr\u00e1ch l\u1edbn lao v\u00e0 t\u1ea7m nh\u00ecn xa r\u1ed9ng.\u00a0<\/p>\n\t\t\t<\/div>\n\t\n\t\t<\/div>\n\t\t\t\t\n<style>\n#col-2118035150 > .col-inner {\n  padding: 50px 40px 30px 40px;\n  margin: -50px 0px 0px 0px;\n}\n<\/style>\n\t<\/div>\n\n\t\n<\/div>\n\t<div id=\"gap-118240140\" class=\"gap-element clearfix\" style=\"display:block; height:auto;\">\n\t\t\n<style>\n#gap-118240140 {\n  padding-top: 60px;\n}\n<\/style>\n\t<\/div>\n\t\n<div class=\"row\"  id=\"row-538138025\">\n\n\t<div id=\"col-1369585086\" class=\"col medium-4 small-12 large-4\"  >\n\t\t\t\t<div class=\"col-inner\"  >\n\t\t\t\n\t\t\t\n\t<div class=\"box has-hover trendy-box-img-style1  has-hover box-text-bottom\" >\n\n\t\t<div class=\"box-image\" style=\"width:27%;\">\n\t\t\t\t\t\t<div class=\"\" >\n\t\t\t\t<img decoding=\"async\" src=\"https:\/\/esenco.com.vn\/wp-content\/themes\/flatsome\/assets\/img\/missing.jpg\" \/>\t\t\t\t\t\t\t\t\t\t\t<\/div>\n\t\t\t\t\t<\/div>\n\n\t\t<div class=\"box-text text-center\" >\n\t\t\t<div class=\"box-text-inner\">\n\t\t\t\t\n\t<div id=\"text-1124257457\" class=\"text section-title-container m-b5\">\n\t\t\n<h4 class=\"section-title section-title-bold\"><b><\/b><span class=\"section-title-main\">Trong 5 n\u0103m ti\u1ebfp theo<\/span><b><\/b><\/h4>\n\t\t\t<\/div>\n\t\n\t<div id=\"text-3694992879\" class=\"text text-justify\">\n\t\t\n<p>ESENCO LIGHTING ti\u1ebfp t\u1ee5c m\u1edf r\u1ed9ng quy m\u00f4 s\u1ea3n xu\u1ea5t v\u1edbi trang thi\u1ebft b\u1ecb hi\u1ec7n \u0111\u1ea1i v\u00e0 ngu\u1ed3n nh\u00e2n c\u00f4ng d\u1ed3i d\u00e0o. C\u00f9ng v\u1edbi \u0111\u00f3, gi\u00e0nh \u0111\u01b0\u1ee3c nhi\u1ec1u h\u01a1n nh\u1eefng gi\u1ea3i th\u01b0\u1edfng cao qu\u00fd \u0111\u1ec3 n\u00e2ng cao uy t\u00edn v\u1edbi kh\u00e1ch h\u00e0ng.<\/p>\n\t\t\t<\/div>\n\t\n\t\t\t<\/div>\n\t\t<\/div>\n\t<\/div>\n\t\n\t\t<\/div>\n\t\t\t\t\t<\/div>\n\n\t\n\n\t<div id=\"col-1102672362\" class=\"col medium-4 small-12 large-4\"  >\n\t\t\t\t<div class=\"col-inner\"  >\n\t\t\t\n\t\t\t\n\t<div class=\"box has-hover trendy-box-img-style1  has-hover box-text-bottom\" >\n\n\t\t<div class=\"box-image\" style=\"width:27%;\">\n\t\t\t\t\t\t<div class=\"\" >\n\t\t\t\t<img decoding=\"async\" src=\"https:\/\/esenco.com.vn\/wp-content\/themes\/flatsome\/assets\/img\/missing.jpg\" \/>\t\t\t\t\t\t\t\t\t\t\t<\/div>\n\t\t\t\t\t<\/div>\n\n\t\t<div class=\"box-text text-center\" >\n\t\t\t<div class=\"box-text-inner\">\n\t\t\t\t\n\t<div id=\"text-154370545\" class=\"text section-title-container m-b5\">\n\t\t\n<h4 class=\"section-title section-title-bold\"><b><\/b><span class=\"section-title-main\">Trong 5 n\u0103m ti\u1ebfp theo<\/span><b><\/b><\/h4>\n\t\t\t<\/div>\n\t\n\t<div id=\"text-4135628896\" class=\"text text-justify\">\n\t\t\n<p>ESENCO LIGHTING ti\u1ebfp t\u1ee5c m\u1edf r\u1ed9ng quy m\u00f4 s\u1ea3n xu\u1ea5t v\u1edbi trang thi\u1ebft b\u1ecb hi\u1ec7n \u0111\u1ea1i v\u00e0 ngu\u1ed3n nh\u00e2n c\u00f4ng d\u1ed3i d\u00e0o. C\u00f9ng v\u1edbi \u0111\u00f3, gi\u00e0nh \u0111\u01b0\u1ee3c nhi\u1ec1u h\u01a1n nh\u1eefng gi\u1ea3i th\u01b0\u1edfng cao qu\u00fd \u0111\u1ec3 n\u00e2ng cao uy t\u00edn v\u1edbi kh\u00e1ch h\u00e0ng.<\/p>\n\t\t\t<\/div>\n\t\n\t\t\t<\/div>\n\t\t<\/div>\n\t<\/div>\n\t\n\t\t<\/div>\n\t\t\t\t\t<\/div>\n\n\t\n\n\t<div id=\"col-1272985247\" class=\"col medium-4 small-12 large-4\"  >\n\t\t\t\t<div class=\"col-inner\"  >\n\t\t\t\n\t\t\t\n\t<div class=\"box has-hover trendy-box-img-style1  has-hover box-text-bottom\" >\n\n\t\t<div class=\"box-image\" style=\"width:27%;\">\n\t\t\t\t\t\t<div class=\"\" >\n\t\t\t\t<img decoding=\"async\" src=\"https:\/\/esenco.com.vn\/wp-content\/themes\/flatsome\/assets\/img\/missing.jpg\" \/>\t\t\t\t\t\t\t\t\t\t\t<\/div>\n\t\t\t\t\t<\/div>\n\n\t\t<div class=\"box-text text-center\" >\n\t\t\t<div class=\"box-text-inner\">\n\t\t\t\t\n\t<div id=\"text-4160929086\" class=\"text section-title-container m-b5\">\n\t\t\n<h4 class=\"section-title section-title-bold\"><b><\/b><span class=\"section-title-main\">Trong 5 n\u0103m ti\u1ebfp theo<\/span><b><\/b><\/h4>\n\t\t\t<\/div>\n\t\n\t<div id=\"text-1800216358\" class=\"text text-justify\">\n\t\t\n<p>ESENCO LIGHTING ti\u1ebfp t\u1ee5c m\u1edf r\u1ed9ng quy m\u00f4 s\u1ea3n xu\u1ea5t v\u1edbi trang thi\u1ebft b\u1ecb hi\u1ec7n \u0111\u1ea1i v\u00e0 ngu\u1ed3n nh\u00e2n c\u00f4ng d\u1ed3i d\u00e0o. C\u00f9ng v\u1edbi \u0111\u00f3, gi\u00e0nh \u0111\u01b0\u1ee3c nhi\u1ec1u h\u01a1n nh\u1eefng gi\u1ea3i th\u01b0\u1edfng cao qu\u00fd \u0111\u1ec3 n\u00e2ng cao uy t\u00edn v\u1edbi kh\u00e1ch h\u00e0ng.<\/p>\n\t\t\t<\/div>\n\t\n\t\t\t<\/div>\n\t\t<\/div>\n\t<\/div>\n\t\n\t\t<\/div>\n\t\t\t\t\t<\/div>\n\n\t\n<\/div>\n\t\t<\/div>\n\n\t\t\n<style>\n#section_462322341 {\n  padding-top: 30px;\n  padding-bottom: 30px;\n}\n#section_462322341 .section-bg-overlay {\n  background-color: rgba(255, 236, 204, 0.5);\n}\n#section_462322341 .ux-shape-divider--top svg {\n  height: 150px;\n  --divider-top-width: 100%;\n}\n<\/style>\n\t<\/section>\n\t\n","protected":false},"excerpt":{"rendered":"","protected":false},"author":1,"featured_media":0,"parent":0,"menu_order":0,"comment_status":"closed","ping_status":"closed","template":"page-blank.php","meta":{"_acf_changed":false,"footnotes":""},"class_list":["post-52","page","type-page","status-publish","hentry"],"acf":[],"yoast_head":"<!-- This site is optimized with the Yoast SEO plugin v22.4 - https:\/\/yoast.com\/wordpress\/plugins\/seo\/ -->\n<title>T\u1ea7m nh\u00ecn v\u00e0 s\u1ee9 m\u1ec7nh - ESENCO<\/title>\n<meta name=\"robots\" content=\"index, follow, max-snippet:-1, max-image-preview:large, max-video-preview:-1\" \/>\n<link rel=\"canonical\" href=\"https:\/\/esenco.com.vn\/?page_id=52\" \/>\n<meta property=\"og:locale\" content=\"vi_VN\" \/>\n<meta property=\"og:type\" content=\"article\" \/>\n<meta property=\"og:title\" content=\"T\u1ea7m nh\u00ecn v\u00e0 s\u1ee9 m\u1ec7nh - ESENCO\" \/>\n<meta property=\"og:url\" content=\"https:\/\/esenco.com.vn\/?page_id=52\" \/>\n<meta property=\"og:site_name\" content=\"ESENCO\" \/>\n<meta property=\"article:modified_time\" content=\"2024-04-22T02:03:36+00:00\" \/>\n<meta name=\"twitter:card\" content=\"summary_large_image\" \/>\n<meta name=\"twitter:label1\" content=\"\u01af\u1edbc t\u00ednh th\u1eddi gian \u0111\u1ecdc\" \/>\n\t<meta name=\"twitter:data1\" content=\"7 ph\u00fat\" \/>\n<script type=\"application\/ld+json\" class=\"yoast-schema-graph\">{\"@context\":\"https:\/\/schema.org\",\"@graph\":[{\"@type\":\"WebPage\",\"@id\":\"https:\/\/esenco.com.vn\/?page_id=52\",\"url\":\"https:\/\/esenco.com.vn\/?page_id=52\",\"name\":\"T\u1ea7m nh\u00ecn v\u00e0 s\u1ee9 m\u1ec7nh - ESENCO\",\"isPartOf\":{\"@id\":\"https:\/\/esenco.com.vn\/#website\"},\"datePublished\":\"2024-04-01T07:57:44+00:00\",\"dateModified\":\"2024-04-22T02:03:36+00:00\",\"breadcrumb\":{\"@id\":\"https:\/\/esenco.com.vn\/?page_id=52#breadcrumb\"},\"inLanguage\":\"vi\",\"potentialAction\":[{\"@type\":\"ReadAction\",\"target\":[\"https:\/\/esenco.com.vn\/?page_id=52\"]}]},{\"@type\":\"BreadcrumbList\",\"@id\":\"https:\/\/esenco.com.vn\/?page_id=52#breadcrumb\",\"itemListElement\":[{\"@type\":\"ListItem\",\"position\":1,\"name\":\"Trang ch\u1ee7\",\"item\":\"https:\/\/esenco.com.vn\/\"},{\"@type\":\"ListItem\",\"position\":2,\"name\":\"T\u1ea7m nh\u00ecn v\u00e0 s\u1ee9 m\u1ec7nh\"}]},{\"@type\":\"WebSite\",\"@id\":\"https:\/\/esenco.com.vn\/#website\",\"url\":\"https:\/\/esenco.com.vn\/\",\"name\":\"ESENCO\",\"description\":\"CH\u1ea4T L\u01af\u1ee2NG L\u00c0 TR\u00c1CH NHI\u1ec6M\",\"potentialAction\":[{\"@type\":\"SearchAction\",\"target\":{\"@type\":\"EntryPoint\",\"urlTemplate\":\"https:\/\/esenco.com.vn\/?s={search_term_string}\"},\"query-input\":\"required name=search_term_string\"}],\"inLanguage\":\"vi\"}]}<\/script>\n<!-- \/ Yoast SEO plugin. -->","yoast_head_json":{"title":"T\u1ea7m nh\u00ecn v\u00e0 s\u1ee9 m\u1ec7nh - ESENCO","robots":{"index":"index","follow":"follow","max-snippet":"max-snippet:-1","max-image-preview":"max-image-preview:large","max-video-preview":"max-video-preview:-1"},"canonical":"https:\/\/esenco.com.vn\/?page_id=52","og_locale":"vi_VN","og_type":"article","og_title":"T\u1ea7m nh\u00ecn v\u00e0 s\u1ee9 m\u1ec7nh - ESENCO","og_url":"https:\/\/esenco.com.vn\/?page_id=52","og_site_name":"ESENCO","article_modified_time":"2024-04-22T02:03:36+00:00","twitter_card":"summary_large_image","twitter_misc":{"\u01af\u1edbc t\u00ednh th\u1eddi gian \u0111\u1ecdc":"7 ph\u00fat"},"schema":{"@context":"https:\/\/schema.org","@graph":[{"@type":"WebPage","@id":"https:\/\/esenco.com.vn\/?page_id=52","url":"https:\/\/esenco.com.vn\/?page_id=52","name":"T\u1ea7m nh\u00ecn v\u00e0 s\u1ee9 m\u1ec7nh - ESENCO","isPartOf":{"@id":"https:\/\/esenco.com.vn\/#website"},"datePublished":"2024-04-01T07:57:44+00:00","dateModified":"2024-04-22T02:03:36+00:00","breadcrumb":{"@id":"https:\/\/esenco.com.vn\/?page_id=52#breadcrumb"},"inLanguage":"vi","potentialAction":[{"@type":"ReadAction","target":["https:\/\/esenco.com.vn\/?page_id=52"]}]},{"@type":"BreadcrumbList","@id":"https:\/\/esenco.com.vn\/?page_id=52#breadcrumb","itemListElement":[{"@type":"ListItem","position":1,"name":"Trang ch\u1ee7","item":"https:\/\/esenco.com.vn\/"},{"@type":"ListItem","position":2,"name":"T\u1ea7m nh\u00ecn v\u00e0 s\u1ee9 m\u1ec7nh"}]},{"@type":"WebSite","@id":"https:\/\/esenco.com.vn\/#website","url":"https:\/\/esenco.com.vn\/","name":"ESENCO","description":"CH\u1ea4T L\u01af\u1ee2NG L\u00c0 TR\u00c1CH NHI\u1ec6M","potentialAction":[{"@type":"SearchAction","target":{"@type":"EntryPoint","urlTemplate":"https:\/\/esenco.com.vn\/?s={search_term_string}"},"query-input":"required name=search_term_string"}],"inLanguage":"vi"}]}},"_links":{"self":[{"href":"https:\/\/esenco.com.vn\/index.php?rest_route=\/wp\/v2\/pages\/52","targetHints":{"allow":["GET"]}}],"collection":[{"href":"https:\/\/esenco.com.vn\/index.php?rest_route=\/wp\/v2\/pages"}],"about":[{"href":"https:\/\/esenco.com.vn\/index.php?rest_route=\/wp\/v2\/types\/page"}],"author":[{"embeddable":true,"href":"https:\/\/esenco.com.vn\/index.php?rest_route=\/wp\/v2\/users\/1"}],"replies":[{"embeddable":true,"href":"https:\/\/esenco.com.vn\/index.php?rest_route=%2Fwp%2Fv2%2Fcomments&post=52"}],"version-history":[{"count":16,"href":"https:\/\/esenco.com.vn\/index.php?rest_route=\/wp\/v2\/pages\/52\/revisions"}],"predecessor-version":[{"id":1001,"href":"https:\/\/esenco.com.vn\/index.php?rest_route=\/wp\/v2\/pages\/52\/revisions\/1001"}],"wp:attachment":[{"href":"https:\/\/esenco.com.vn\/index.php?rest_route=%2Fwp%2Fv2%2Fmedia&parent=52"}],"curies":[{"name":"wp","href":"https:\/\/api.w.org\/{rel}","templated":true}]}}