{"id":1100,"date":"2024-05-04T15:18:43","date_gmt":"2024-05-04T08:18:43","guid":{"rendered":"https:\/\/esenco.com.vn\/?post_type=product&#038;p=1100"},"modified":"2024-05-08T13:13:30","modified_gmt":"2024-05-08T06:13:30","slug":"op-noi-tron-vo-den-18w","status":"publish","type":"product","link":"https:\/\/esenco.com.vn\/?product=op-noi-tron-vo-den-18w","title":{"rendered":"\u1ed0P N\u1ed4I TR\u00d2N V\u1ece \u0110EN 18W"},"content":{"rendered":"<ol>\n<li>C\u1ea5u t\u1ea1o<\/li>\n<\/ol>\n<ul>\n<li><strong>Chip LED <\/strong>c\u00f3 tu\u1ed5i th\u1ecd cao c\u00f9ng ch\u1ec9 s\u1ed1 quang th\u00f4ng l\u1edbn, ch\u1ec9 s\u1ed1 ho\u00e0n m\u00e0u CRI&gt;85<\/li>\n<li><strong>Ngu\u1ed3n (Driver):<\/strong>s\u1eed d\u1ee5ng c\u00e1c linh ki\u1ec7n t\u1ee5 h\u00f3a, IC.. t\u1ed1t<\/li>\n<li><strong>Th\u00e2n v\u1ecf:<\/strong>G\u1ed3m c\u00e1c b\u1ed9 ph\u1eadn khung \u0111\u00e8n, k\u00ednh t\u00e1n quang, t\u1ea5m \u0111\u00e1y. \u0110\u01b0\u1ee3c l\u00e0m t\u1eeb ch\u1ea5t li\u1ec7u h\u1ee3p kim nh\u00f4m v\u00e0 nh\u1ef1a mica xuy\u00ean s\u00e1ng t\u1ea1o s\u1ef1 sang tr\u1ecdng cho s\u1ea3n ph\u1ea9m. Th\u00e2n v\u1ecf \u0111\u00e8n c\u00f3 t\u00e1c d\u1ee5ng b\u1ea3o v\u1ec7 c\u00e1c linh ki\u1ec7n b\u00ean trong v\u00e0 t\u1ea3n nhi\u1ec7t cho chip LED.<\/li>\n<\/ul>\n<p>\u1ee8ng d\u1ee5ng:<\/p>\n<p>&#8211; Chi\u1ebfu s\u00e1ng trong gia \u0111\u00ecnh<\/p>\n<p>&#8211; Chi\u1ebfu s\u00e1ng v\u0103n ph\u00f2ng, trung t\u00e2m th\u01b0\u01a1ng m\u1ea1i<\/p>\n<p>&#8211; Chi\u1ebfu s\u00e1ng b\u1ec7nh vi\u1ec7n, tr\u01b0\u1eddng h\u1ee3p<\/p>\n","protected":false},"excerpt":{"rendered":"<p>C\u1ea5u t\u1ea1o Chip LED c\u00f3 tu\u1ed5i th\u1ecd cao c\u00f9ng ch\u1ec9 s\u1ed1 quang th\u00f4ng l\u1edbn, ch\u1ec9 s\u1ed1 ho\u00e0n m\u00e0u CRI&gt;85 Ngu\u1ed3n (Driver):s\u1eed d\u1ee5ng c\u00e1c linh ki\u1ec7n t\u1ee5 h\u00f3a, IC.. t\u1ed1t Th\u00e2n v\u1ecf:G\u1ed3m c\u00e1c b\u1ed9 ph\u1eadn khung \u0111\u00e8n, k\u00ednh t\u00e1n quang, t\u1ea5m \u0111\u00e1y. \u0110\u01b0\u1ee3c l\u00e0m t\u1eeb ch\u1ea5t li\u1ec7u h\u1ee3p kim nh\u00f4m v\u00e0 nh\u1ef1a mica xuy\u00ean s\u00e1ng t\u1ea1o [&#8230;]\n","protected":false},"featured_media":1113,"comment_status":"open","ping_status":"closed","template":"","meta":{"_acf_changed":false},"product_cat":[18],"product_tag":[64,63,65],"class_list":{"0":"post-1100","1":"product","2":"type-product","3":"status-publish","4":"has-post-thumbnail","6":"product_cat-den-ngoai-troi","7":"product_tag-op-noi","8":"product_tag-op-noi-tron","9":"product_tag-op-noi-vuong","11":"first","12":"instock","13":"shipping-taxable","14":"purchasable","15":"product-type-variable"},"acf":[],"yoast_head":"<!-- This site is optimized with the Yoast SEO plugin v22.4 - https:\/\/yoast.com\/wordpress\/plugins\/seo\/ -->\n<title>\u1ed0P N\u1ed4I TR\u00d2N V\u1ece \u0110EN 18W - ESENCO<\/title>\n<meta name=\"description\" content=\"\u1ed0P N\u1ed4I VU\u00d4NG\/TR\u00d2N - C\u1eb6P \u0110\u00d4I V\u00c0NG TRONG L\u00c0NG CHI\u1ebeU S\u00c1NG\" \/>\n<meta name=\"robots\" content=\"index, follow, max-snippet:-1, max-image-preview:large, max-video-preview:-1\" \/>\n<link rel=\"canonical\" href=\"https:\/\/esenco.com.vn\/?product=op-noi-tron-vo-den-18w\" \/>\n<meta property=\"og:locale\" content=\"vi_VN\" \/>\n<meta property=\"og:type\" content=\"article\" \/>\n<meta property=\"og:title\" content=\"\u1ed0P N\u1ed4I TR\u00d2N V\u1ece \u0110EN 18W - ESENCO\" \/>\n<meta property=\"og:description\" content=\"\u1ed0P N\u1ed4I VU\u00d4NG\/TR\u00d2N - C\u1eb6P \u0110\u00d4I V\u00c0NG TRONG L\u00c0NG CHI\u1ebeU S\u00c1NG\" \/>\n<meta property=\"og:url\" content=\"https:\/\/esenco.com.vn\/?product=op-noi-tron-vo-den-18w\" \/>\n<meta property=\"og:site_name\" content=\"ESENCO\" \/>\n<meta property=\"article:modified_time\" content=\"2024-05-08T06:13:30+00:00\" \/>\n<meta property=\"og:image\" content=\"https:\/\/esenco.com.vn\/wp-content\/uploads\/2024\/05\/ONT-18W.png\" \/>\n\t<meta property=\"og:image:width\" content=\"1040\" \/>\n\t<meta property=\"og:image:height\" content=\"1008\" \/>\n\t<meta property=\"og:image:type\" content=\"image\/png\" \/>\n<meta name=\"twitter:card\" content=\"summary_large_image\" \/>\n<meta name=\"twitter:label1\" content=\"\u01af\u1edbc t\u00ednh th\u1eddi gian \u0111\u1ecdc\" \/>\n\t<meta name=\"twitter:data1\" content=\"1 ph\u00fat\" \/>\n<script type=\"application\/ld+json\" class=\"yoast-schema-graph\">{\"@context\":\"https:\/\/schema.org\",\"@graph\":[{\"@type\":\"WebPage\",\"@id\":\"https:\/\/esenco.com.vn\/?product=op-noi-tron-vo-den-18w\",\"url\":\"https:\/\/esenco.com.vn\/?product=op-noi-tron-vo-den-18w\",\"name\":\"\u1ed0P N\u1ed4I TR\u00d2N V\u1ece \u0110EN 18W - ESENCO\",\"isPartOf\":{\"@id\":\"https:\/\/esenco.com.vn\/#website\"},\"primaryImageOfPage\":{\"@id\":\"https:\/\/esenco.com.vn\/?product=op-noi-tron-vo-den-18w#primaryimage\"},\"image\":{\"@id\":\"https:\/\/esenco.com.vn\/?product=op-noi-tron-vo-den-18w#primaryimage\"},\"thumbnailUrl\":\"https:\/\/esenco.com.vn\/wp-content\/uploads\/2024\/05\/ONT-18W.png\",\"datePublished\":\"2024-05-04T08:18:43+00:00\",\"dateModified\":\"2024-05-08T06:13:30+00:00\",\"description\":\"\u1ed0P N\u1ed4I VU\u00d4NG\/TR\u00d2N - C\u1eb6P \u0110\u00d4I V\u00c0NG TRONG L\u00c0NG CHI\u1ebeU S\u00c1NG\",\"breadcrumb\":{\"@id\":\"https:\/\/esenco.com.vn\/?product=op-noi-tron-vo-den-18w#breadcrumb\"},\"inLanguage\":\"vi\",\"potentialAction\":[{\"@type\":\"ReadAction\",\"target\":[\"https:\/\/esenco.com.vn\/?product=op-noi-tron-vo-den-18w\"]}]},{\"@type\":\"ImageObject\",\"inLanguage\":\"vi\",\"@id\":\"https:\/\/esenco.com.vn\/?product=op-noi-tron-vo-den-18w#primaryimage\",\"url\":\"https:\/\/esenco.com.vn\/wp-content\/uploads\/2024\/05\/ONT-18W.png\",\"contentUrl\":\"https:\/\/esenco.com.vn\/wp-content\/uploads\/2024\/05\/ONT-18W.png\",\"width\":1040,\"height\":1008},{\"@type\":\"BreadcrumbList\",\"@id\":\"https:\/\/esenco.com.vn\/?product=op-noi-tron-vo-den-18w#breadcrumb\",\"itemListElement\":[{\"@type\":\"ListItem\",\"position\":1,\"name\":\"Trang ch\u1ee7\",\"item\":\"https:\/\/esenco.com.vn\/\"},{\"@type\":\"ListItem\",\"position\":2,\"name\":\"Shop\",\"item\":\"https:\/\/esenco.com.vn\/?page_id=37\"},{\"@type\":\"ListItem\",\"position\":3,\"name\":\"\u1ed0P N\u1ed4I TR\u00d2N V\u1ece \u0110EN 18W\"}]},{\"@type\":\"WebSite\",\"@id\":\"https:\/\/esenco.com.vn\/#website\",\"url\":\"https:\/\/esenco.com.vn\/\",\"name\":\"ESENCO\",\"description\":\"CH\u1ea4T L\u01af\u1ee2NG L\u00c0 TR\u00c1CH NHI\u1ec6M\",\"potentialAction\":[{\"@type\":\"SearchAction\",\"target\":{\"@type\":\"EntryPoint\",\"urlTemplate\":\"https:\/\/esenco.com.vn\/?s={search_term_string}\"},\"query-input\":\"required name=search_term_string\"}],\"inLanguage\":\"vi\"}]}<\/script>\n<!-- \/ Yoast SEO plugin. -->","yoast_head_json":{"title":"\u1ed0P N\u1ed4I TR\u00d2N V\u1ece \u0110EN 18W - ESENCO","description":"\u1ed0P N\u1ed4I VU\u00d4NG\/TR\u00d2N - C\u1eb6P \u0110\u00d4I V\u00c0NG TRONG L\u00c0NG CHI\u1ebeU S\u00c1NG","robots":{"index":"index","follow":"follow","max-snippet":"max-snippet:-1","max-image-preview":"max-image-preview:large","max-video-preview":"max-video-preview:-1"},"canonical":"https:\/\/esenco.com.vn\/?product=op-noi-tron-vo-den-18w","og_locale":"vi_VN","og_type":"article","og_title":"\u1ed0P N\u1ed4I TR\u00d2N V\u1ece \u0110EN 18W - ESENCO","og_description":"\u1ed0P N\u1ed4I VU\u00d4NG\/TR\u00d2N - C\u1eb6P \u0110\u00d4I V\u00c0NG TRONG L\u00c0NG CHI\u1ebeU S\u00c1NG","og_url":"https:\/\/esenco.com.vn\/?product=op-noi-tron-vo-den-18w","og_site_name":"ESENCO","article_modified_time":"2024-05-08T06:13:30+00:00","og_image":[{"width":1040,"height":1008,"url":"https:\/\/esenco.com.vn\/wp-content\/uploads\/2024\/05\/ONT-18W.png","type":"image\/png"}],"twitter_card":"summary_large_image","twitter_misc":{"\u01af\u1edbc t\u00ednh th\u1eddi gian \u0111\u1ecdc":"1 ph\u00fat"},"schema":{"@context":"https:\/\/schema.org","@graph":[{"@type":"WebPage","@id":"https:\/\/esenco.com.vn\/?product=op-noi-tron-vo-den-18w","url":"https:\/\/esenco.com.vn\/?product=op-noi-tron-vo-den-18w","name":"\u1ed0P N\u1ed4I TR\u00d2N V\u1ece \u0110EN 18W - ESENCO","isPartOf":{"@id":"https:\/\/esenco.com.vn\/#website"},"primaryImageOfPage":{"@id":"https:\/\/esenco.com.vn\/?product=op-noi-tron-vo-den-18w#primaryimage"},"image":{"@id":"https:\/\/esenco.com.vn\/?product=op-noi-tron-vo-den-18w#primaryimage"},"thumbnailUrl":"https:\/\/esenco.com.vn\/wp-content\/uploads\/2024\/05\/ONT-18W.png","datePublished":"2024-05-04T08:18:43+00:00","dateModified":"2024-05-08T06:13:30+00:00","description":"\u1ed0P N\u1ed4I VU\u00d4NG\/TR\u00d2N - C\u1eb6P \u0110\u00d4I V\u00c0NG TRONG L\u00c0NG CHI\u1ebeU S\u00c1NG","breadcrumb":{"@id":"https:\/\/esenco.com.vn\/?product=op-noi-tron-vo-den-18w#breadcrumb"},"inLanguage":"vi","potentialAction":[{"@type":"ReadAction","target":["https:\/\/esenco.com.vn\/?product=op-noi-tron-vo-den-18w"]}]},{"@type":"ImageObject","inLanguage":"vi","@id":"https:\/\/esenco.com.vn\/?product=op-noi-tron-vo-den-18w#primaryimage","url":"https:\/\/esenco.com.vn\/wp-content\/uploads\/2024\/05\/ONT-18W.png","contentUrl":"https:\/\/esenco.com.vn\/wp-content\/uploads\/2024\/05\/ONT-18W.png","width":1040,"height":1008},{"@type":"BreadcrumbList","@id":"https:\/\/esenco.com.vn\/?product=op-noi-tron-vo-den-18w#breadcrumb","itemListElement":[{"@type":"ListItem","position":1,"name":"Trang ch\u1ee7","item":"https:\/\/esenco.com.vn\/"},{"@type":"ListItem","position":2,"name":"Shop","item":"https:\/\/esenco.com.vn\/?page_id=37"},{"@type":"ListItem","position":3,"name":"\u1ed0P N\u1ed4I TR\u00d2N V\u1ece \u0110EN 18W"}]},{"@type":"WebSite","@id":"https:\/\/esenco.com.vn\/#website","url":"https:\/\/esenco.com.vn\/","name":"ESENCO","description":"CH\u1ea4T L\u01af\u1ee2NG L\u00c0 TR\u00c1CH NHI\u1ec6M","potentialAction":[{"@type":"SearchAction","target":{"@type":"EntryPoint","urlTemplate":"https:\/\/esenco.com.vn\/?s={search_term_string}"},"query-input":"required name=search_term_string"}],"inLanguage":"vi"}]}},"_links":{"self":[{"href":"https:\/\/esenco.com.vn\/index.php?rest_route=\/wp\/v2\/product\/1100","targetHints":{"allow":["GET"]}}],"collection":[{"href":"https:\/\/esenco.com.vn\/index.php?rest_route=\/wp\/v2\/product"}],"about":[{"href":"https:\/\/esenco.com.vn\/index.php?rest_route=\/wp\/v2\/types\/product"}],"replies":[{"embeddable":true,"href":"https:\/\/esenco.com.vn\/index.php?rest_route=%2Fwp%2Fv2%2Fcomments&post=1100"}],"wp:featuredmedia":[{"embeddable":true,"href":"https:\/\/esenco.com.vn\/index.php?rest_route=\/wp\/v2\/media\/1113"}],"wp:attachment":[{"href":"https:\/\/esenco.com.vn\/index.php?rest_route=%2Fwp%2Fv2%2Fmedia&parent=1100"}],"wp:term":[{"taxonomy":"product_cat","embeddable":true,"href":"https:\/\/esenco.com.vn\/index.php?rest_route=%2Fwp%2Fv2%2Fproduct_cat&post=1100"},{"taxonomy":"product_tag","embeddable":true,"href":"https:\/\/esenco.com.vn\/index.php?rest_route=%2Fwp%2Fv2%2Fproduct_tag&post=1100"}],"curies":[{"name":"wp","href":"https:\/\/api.w.org\/{rel}","templated":true}]}}