{"id":777,"date":"2024-04-16T14:28:03","date_gmt":"2024-04-16T07:28:03","guid":{"rendered":"https:\/\/esenco.com.vn\/?post_type=product&#038;p=777"},"modified":"2024-04-16T14:51:25","modified_gmt":"2024-04-16T07:51:25","slug":"dui-cam-ung","status":"publish","type":"product","link":"https:\/\/esenco.com.vn\/?product=dui-cam-ung","title":{"rendered":"\u0110ui c\u1ea3m \u1ee9ng"},"content":{"rendered":"<ol>\n<li><strong>Nguy\u00ean l\u00fd ho\u1ea1t \u0111\u1ed9ng: <\/strong>s\u1eed d\u1ee5ng c\u00f4ng ngh\u1ec7 c\u1ea3m bi\u1ebfn h\u1ed3ng ngo\u1ea1i, <strong>khi c\u00f3 nhi\u1ec7t di chuy\u1ec3n v\u00e0o v\u00f9ng c\u1ea3m bi\u1ebfn, \u0111\u00e8n s\u1ebd t\u1ef1 \u0111\u1ed9ng k\u00edch ho\u1ea1t \u0111\u1ec3 ph\u00e1t s\u00e1ng ho\u1eb7c cung c\u1ea5p t\u00edn cho m\u1ed9t thi\u1ebft b\u1ecb c\u1ea3nh b\u00e1o kh\u00e1c. V\u00f9ng ph\u00e1t hi\u1ec7n chuy\u1ec3n \u0111\u1ed9ng c\u1ee7a c\u1ea3m bi\u1ebfn l\u00e0 t\u1eeb 2m \u0111\u1ebfn 5m.\u00a0<\/strong><\/li>\n<li><strong>C\u1ea5u t\u1ea1o: <\/strong>g\u1ed3m 5 ph\u1ea7n ch\u00ednh l\u00e0 th\u00e2n v\u1ecf, ph\u1ea7n c\u1ea3m bi\u1ebfn, \u0111ui xo\u00e1y E27, c\u00f4ng t\u1eafc \u0111i\u1ec1u ch\u1ec9nh \u0111\u1ed9 nh\u00e1y s\u00e1ng v\u00e0 c\u00f4ng t\u1eafc \u0111i\u1ec1u ch\u1ec9nh th\u1eddi gian tr\u1ec5 s\u00e1ng.<\/li>\n<\/ol>\n<ul>\n<li><strong>Th\u00e2n v\u1ecf:<\/strong> \u0111\u01b0\u1ee3c l\u00e0m t\u1eeb nh\u1ef1a PC cao c\u1ea5p, ch\u1ed1ng va \u0111\u1eadp, ch\u1ed1ng ch\u00e1y, gi\u00fap b\u1ea3o v\u1ec7 c\u00e1c linh ki\u1ec7n b\u00ean trong<\/li>\n<li><strong>C\u1ea3m bi\u1ebfn:<\/strong> ph\u00e1t hi\u1ec7n chuy\u1ec3n \u0111\u1ed9ng trong ph\u1ea1m vi qu\u00e9t 2m-5m<\/li>\n<li><strong>\u0110ui xo\u00e1y:<\/strong> \u0111\u01b0\u1ee3c l\u00e0m t\u1eeb \u0111\u1ed3ng l\u00e1, \u0111\u1ea3m b\u1ea3o kh\u1ea3 n\u0103ng truy\u1ec1n t\u1ea3i \u0111i\u1ec7n hi\u1ec7u qu\u1ea3<\/li>\n<li><strong>C\u00f4ng t\u1eafc \u0111i\u1ec1u ch\u1ec9nh:<\/strong> \u0111i\u1ec1u ch\u1ec9nh c\u00e1c ch\u1ebf \u0111\u1ed9 ng\u00e0y\/\u0111\u00eam\/h\u00e0ng ng\u00e0y v\u00e0 th\u1eddi gian tr\u1ec5 s\u00e1ng 15 gi\u00e2y\/45 gi\u00e2y\/5 ph\u00fat<\/li>\n<\/ul>\n","protected":false},"excerpt":{"rendered":"<p>Nguy\u00ean l\u00fd ho\u1ea1t \u0111\u1ed9ng: s\u1eed d\u1ee5ng c\u00f4ng ngh\u1ec7 c\u1ea3m bi\u1ebfn h\u1ed3ng ngo\u1ea1i, khi c\u00f3 nhi\u1ec7t di chuy\u1ec3n v\u00e0o v\u00f9ng c\u1ea3m bi\u1ebfn, \u0111\u00e8n s\u1ebd t\u1ef1 \u0111\u1ed9ng k\u00edch ho\u1ea1t \u0111\u1ec3 ph\u00e1t s\u00e1ng ho\u1eb7c cung c\u1ea5p t\u00edn cho m\u1ed9t thi\u1ebft b\u1ecb c\u1ea3nh b\u00e1o kh\u00e1c. V\u00f9ng ph\u00e1t hi\u1ec7n chuy\u1ec3n \u0111\u1ed9ng c\u1ee7a c\u1ea3m bi\u1ebfn l\u00e0 t\u1eeb 2m \u0111\u1ebfn 5m.\u00a0 C\u1ea5u [&#8230;]\n","protected":false},"featured_media":795,"comment_status":"open","ping_status":"closed","template":"","meta":{"_acf_changed":false},"product_cat":[42],"product_tag":[49,50],"class_list":{"0":"post-777","1":"product","2":"type-product","3":"status-publish","4":"has-post-thumbnail","6":"product_cat-dui-cam-ung","7":"product_tag-dui-cam-ung","8":"product_tag-dui-den","10":"first","11":"instock","12":"shipping-taxable","13":"purchasable","14":"product-type-variable"},"acf":[],"yoast_head":"<!-- This site is optimized with the Yoast SEO plugin v22.4 - https:\/\/yoast.com\/wordpress\/plugins\/seo\/ -->\n<title>\u0110ui c\u1ea3m \u1ee9ng - ESENCO<\/title>\n<meta name=\"description\" content=\"L\u00e0 s\u1ea3n ph\u1ea9m th\u00f4ng minh r\u1ea5t ph\u1ed5 bi\u1ebfn hi\u1ec7n nay v\u1edbi ch\u1ee9c n\u0103ng t\u1ef1 \u0111\u1ed9ng B\u1eadt\/T\u1eaft \u0111\u00e8n khi c\u00f3 ng\u01b0\u1eddi.\" \/>\n<meta name=\"robots\" content=\"index, follow, max-snippet:-1, max-image-preview:large, max-video-preview:-1\" \/>\n<link rel=\"canonical\" href=\"https:\/\/esenco.com.vn\/?product=dui-cam-ung\" \/>\n<meta property=\"og:locale\" content=\"vi_VN\" \/>\n<meta property=\"og:type\" content=\"article\" \/>\n<meta property=\"og:title\" content=\"\u0110ui c\u1ea3m \u1ee9ng - ESENCO\" \/>\n<meta property=\"og:description\" content=\"L\u00e0 s\u1ea3n ph\u1ea9m th\u00f4ng minh r\u1ea5t ph\u1ed5 bi\u1ebfn hi\u1ec7n nay v\u1edbi ch\u1ee9c n\u0103ng t\u1ef1 \u0111\u1ed9ng B\u1eadt\/T\u1eaft \u0111\u00e8n khi c\u00f3 ng\u01b0\u1eddi.\" \/>\n<meta property=\"og:url\" content=\"https:\/\/esenco.com.vn\/?product=dui-cam-ung\" \/>\n<meta property=\"og:site_name\" content=\"ESENCO\" \/>\n<meta property=\"article:modified_time\" content=\"2024-04-16T07:51:25+00:00\" \/>\n<meta property=\"og:image\" content=\"https:\/\/esenco.com.vn\/wp-content\/uploads\/2024\/04\/z5353493144421_60979841e67d42a31f38513bf40d02ea.jpg\" \/>\n\t<meta property=\"og:image:width\" content=\"500\" \/>\n\t<meta property=\"og:image:height\" content=\"282\" \/>\n\t<meta property=\"og:image:type\" content=\"image\/jpeg\" \/>\n<meta name=\"twitter:card\" content=\"summary_large_image\" \/>\n<meta name=\"twitter:label1\" content=\"\u01af\u1edbc t\u00ednh th\u1eddi gian \u0111\u1ecdc\" \/>\n\t<meta name=\"twitter:data1\" content=\"2 ph\u00fat\" \/>\n<script type=\"application\/ld+json\" class=\"yoast-schema-graph\">{\"@context\":\"https:\/\/schema.org\",\"@graph\":[{\"@type\":\"WebPage\",\"@id\":\"https:\/\/esenco.com.vn\/?product=dui-cam-ung\",\"url\":\"https:\/\/esenco.com.vn\/?product=dui-cam-ung\",\"name\":\"\u0110ui c\u1ea3m \u1ee9ng - ESENCO\",\"isPartOf\":{\"@id\":\"https:\/\/esenco.com.vn\/#website\"},\"primaryImageOfPage\":{\"@id\":\"https:\/\/esenco.com.vn\/?product=dui-cam-ung#primaryimage\"},\"image\":{\"@id\":\"https:\/\/esenco.com.vn\/?product=dui-cam-ung#primaryimage\"},\"thumbnailUrl\":\"https:\/\/esenco.com.vn\/wp-content\/uploads\/2024\/04\/z5353493144421_60979841e67d42a31f38513bf40d02ea.jpg\",\"datePublished\":\"2024-04-16T07:28:03+00:00\",\"dateModified\":\"2024-04-16T07:51:25+00:00\",\"description\":\"L\u00e0 s\u1ea3n ph\u1ea9m th\u00f4ng minh r\u1ea5t ph\u1ed5 bi\u1ebfn hi\u1ec7n nay v\u1edbi ch\u1ee9c n\u0103ng t\u1ef1 \u0111\u1ed9ng B\u1eadt\/T\u1eaft \u0111\u00e8n khi c\u00f3 ng\u01b0\u1eddi.\",\"breadcrumb\":{\"@id\":\"https:\/\/esenco.com.vn\/?product=dui-cam-ung#breadcrumb\"},\"inLanguage\":\"vi\",\"potentialAction\":[{\"@type\":\"ReadAction\",\"target\":[\"https:\/\/esenco.com.vn\/?product=dui-cam-ung\"]}]},{\"@type\":\"ImageObject\",\"inLanguage\":\"vi\",\"@id\":\"https:\/\/esenco.com.vn\/?product=dui-cam-ung#primaryimage\",\"url\":\"https:\/\/esenco.com.vn\/wp-content\/uploads\/2024\/04\/z5353493144421_60979841e67d42a31f38513bf40d02ea.jpg\",\"contentUrl\":\"https:\/\/esenco.com.vn\/wp-content\/uploads\/2024\/04\/z5353493144421_60979841e67d42a31f38513bf40d02ea.jpg\",\"width\":500,\"height\":282},{\"@type\":\"BreadcrumbList\",\"@id\":\"https:\/\/esenco.com.vn\/?product=dui-cam-ung#breadcrumb\",\"itemListElement\":[{\"@type\":\"ListItem\",\"position\":1,\"name\":\"Trang ch\u1ee7\",\"item\":\"https:\/\/esenco.com.vn\/\"},{\"@type\":\"ListItem\",\"position\":2,\"name\":\"Shop\",\"item\":\"https:\/\/esenco.com.vn\/?page_id=37\"},{\"@type\":\"ListItem\",\"position\":3,\"name\":\"\u0110ui c\u1ea3m \u1ee9ng\"}]},{\"@type\":\"WebSite\",\"@id\":\"https:\/\/esenco.com.vn\/#website\",\"url\":\"https:\/\/esenco.com.vn\/\",\"name\":\"ESENCO\",\"description\":\"CH\u1ea4T L\u01af\u1ee2NG L\u00c0 TR\u00c1CH NHI\u1ec6M\",\"potentialAction\":[{\"@type\":\"SearchAction\",\"target\":{\"@type\":\"EntryPoint\",\"urlTemplate\":\"https:\/\/esenco.com.vn\/?s={search_term_string}\"},\"query-input\":\"required name=search_term_string\"}],\"inLanguage\":\"vi\"}]}<\/script>\n<!-- \/ Yoast SEO plugin. -->","yoast_head_json":{"title":"\u0110ui c\u1ea3m \u1ee9ng - ESENCO","description":"L\u00e0 s\u1ea3n ph\u1ea9m th\u00f4ng minh r\u1ea5t ph\u1ed5 bi\u1ebfn hi\u1ec7n nay v\u1edbi ch\u1ee9c n\u0103ng t\u1ef1 \u0111\u1ed9ng B\u1eadt\/T\u1eaft \u0111\u00e8n khi c\u00f3 ng\u01b0\u1eddi.","robots":{"index":"index","follow":"follow","max-snippet":"max-snippet:-1","max-image-preview":"max-image-preview:large","max-video-preview":"max-video-preview:-1"},"canonical":"https:\/\/esenco.com.vn\/?product=dui-cam-ung","og_locale":"vi_VN","og_type":"article","og_title":"\u0110ui c\u1ea3m \u1ee9ng - ESENCO","og_description":"L\u00e0 s\u1ea3n ph\u1ea9m th\u00f4ng minh r\u1ea5t ph\u1ed5 bi\u1ebfn hi\u1ec7n nay v\u1edbi ch\u1ee9c n\u0103ng t\u1ef1 \u0111\u1ed9ng B\u1eadt\/T\u1eaft \u0111\u00e8n khi c\u00f3 ng\u01b0\u1eddi.","og_url":"https:\/\/esenco.com.vn\/?product=dui-cam-ung","og_site_name":"ESENCO","article_modified_time":"2024-04-16T07:51:25+00:00","og_image":[{"width":500,"height":282,"url":"https:\/\/esenco.com.vn\/wp-content\/uploads\/2024\/04\/z5353493144421_60979841e67d42a31f38513bf40d02ea.jpg","type":"image\/jpeg"}],"twitter_card":"summary_large_image","twitter_misc":{"\u01af\u1edbc t\u00ednh th\u1eddi gian \u0111\u1ecdc":"2 ph\u00fat"},"schema":{"@context":"https:\/\/schema.org","@graph":[{"@type":"WebPage","@id":"https:\/\/esenco.com.vn\/?product=dui-cam-ung","url":"https:\/\/esenco.com.vn\/?product=dui-cam-ung","name":"\u0110ui c\u1ea3m \u1ee9ng - ESENCO","isPartOf":{"@id":"https:\/\/esenco.com.vn\/#website"},"primaryImageOfPage":{"@id":"https:\/\/esenco.com.vn\/?product=dui-cam-ung#primaryimage"},"image":{"@id":"https:\/\/esenco.com.vn\/?product=dui-cam-ung#primaryimage"},"thumbnailUrl":"https:\/\/esenco.com.vn\/wp-content\/uploads\/2024\/04\/z5353493144421_60979841e67d42a31f38513bf40d02ea.jpg","datePublished":"2024-04-16T07:28:03+00:00","dateModified":"2024-04-16T07:51:25+00:00","description":"L\u00e0 s\u1ea3n ph\u1ea9m th\u00f4ng minh r\u1ea5t ph\u1ed5 bi\u1ebfn hi\u1ec7n nay v\u1edbi ch\u1ee9c n\u0103ng t\u1ef1 \u0111\u1ed9ng B\u1eadt\/T\u1eaft \u0111\u00e8n khi c\u00f3 ng\u01b0\u1eddi.","breadcrumb":{"@id":"https:\/\/esenco.com.vn\/?product=dui-cam-ung#breadcrumb"},"inLanguage":"vi","potentialAction":[{"@type":"ReadAction","target":["https:\/\/esenco.com.vn\/?product=dui-cam-ung"]}]},{"@type":"ImageObject","inLanguage":"vi","@id":"https:\/\/esenco.com.vn\/?product=dui-cam-ung#primaryimage","url":"https:\/\/esenco.com.vn\/wp-content\/uploads\/2024\/04\/z5353493144421_60979841e67d42a31f38513bf40d02ea.jpg","contentUrl":"https:\/\/esenco.com.vn\/wp-content\/uploads\/2024\/04\/z5353493144421_60979841e67d42a31f38513bf40d02ea.jpg","width":500,"height":282},{"@type":"BreadcrumbList","@id":"https:\/\/esenco.com.vn\/?product=dui-cam-ung#breadcrumb","itemListElement":[{"@type":"ListItem","position":1,"name":"Trang ch\u1ee7","item":"https:\/\/esenco.com.vn\/"},{"@type":"ListItem","position":2,"name":"Shop","item":"https:\/\/esenco.com.vn\/?page_id=37"},{"@type":"ListItem","position":3,"name":"\u0110ui c\u1ea3m \u1ee9ng"}]},{"@type":"WebSite","@id":"https:\/\/esenco.com.vn\/#website","url":"https:\/\/esenco.com.vn\/","name":"ESENCO","description":"CH\u1ea4T L\u01af\u1ee2NG L\u00c0 TR\u00c1CH NHI\u1ec6M","potentialAction":[{"@type":"SearchAction","target":{"@type":"EntryPoint","urlTemplate":"https:\/\/esenco.com.vn\/?s={search_term_string}"},"query-input":"required name=search_term_string"}],"inLanguage":"vi"}]}},"_links":{"self":[{"href":"https:\/\/esenco.com.vn\/index.php?rest_route=\/wp\/v2\/product\/777","targetHints":{"allow":["GET"]}}],"collection":[{"href":"https:\/\/esenco.com.vn\/index.php?rest_route=\/wp\/v2\/product"}],"about":[{"href":"https:\/\/esenco.com.vn\/index.php?rest_route=\/wp\/v2\/types\/product"}],"replies":[{"embeddable":true,"href":"https:\/\/esenco.com.vn\/index.php?rest_route=%2Fwp%2Fv2%2Fcomments&post=777"}],"wp:featuredmedia":[{"embeddable":true,"href":"https:\/\/esenco.com.vn\/index.php?rest_route=\/wp\/v2\/media\/795"}],"wp:attachment":[{"href":"https:\/\/esenco.com.vn\/index.php?rest_route=%2Fwp%2Fv2%2Fmedia&parent=777"}],"wp:term":[{"taxonomy":"product_cat","embeddable":true,"href":"https:\/\/esenco.com.vn\/index.php?rest_route=%2Fwp%2Fv2%2Fproduct_cat&post=777"},{"taxonomy":"product_tag","embeddable":true,"href":"https:\/\/esenco.com.vn\/index.php?rest_route=%2Fwp%2Fv2%2Fproduct_tag&post=777"}],"curies":[{"name":"wp","href":"https:\/\/api.w.org\/{rel}","templated":true}]}}