{"id":789,"date":"2024-04-16T14:45:04","date_gmt":"2024-04-16T07:45:04","guid":{"rendered":"https:\/\/esenco.com.vn\/?post_type=product&#038;p=789"},"modified":"2024-04-17T13:47:27","modified_gmt":"2024-04-17T06:47:27","slug":"tuyp-mica-hop-vuong-60w","status":"publish","type":"product","link":"https:\/\/esenco.com.vn\/?product=tuyp-mica-hop-vuong-60w","title":{"rendered":"Tu\u00fdp mica h\u1ed9p vu\u00f4ng 60w"},"content":{"rendered":"<ol>\n<li><strong>\u1ee8ng d\u1ee5ng c\u1ee7a \u0111\u00e8n Tu\u00fdp Mica \u0111\u1ea7u vu\u00f4ng 60W<\/strong><a href=\"http:\/\/omllighting.com\/\"><strong>Tu\u00fdp Mica \u0111\u1ea7u vu\u00f4ng 60W<\/strong><\/a>\u00a0\u0111\u01b0\u1ee3c s\u1eed d\u1ee5ng r\u1ea5t nhi\u1ec1u \u0111\u1ec3 chi\u1ebfu s\u00e1ng\u00a0kh\u00e1ch s\u1ea1n, c\u1eeda h\u00e0ng, c\u0103n h\u1ed9, v\u0103n ph\u00f2ng,\u00a0c\u1eeda h\u00e0ng\u2026\u1ee9ng d\u1ee5ng cho c\u1ea3 ph\u00f2ng kh\u00e1ch, ph\u00f2ng ng\u1ee7, ph\u00f2ng b\u1ebfp, hi\u00ean nh\u00e0, h\u00e0nh lang\u2026c\u1ee7a nh\u00e0 d\u00e2n<\/li>\n<\/ol>\n","protected":false},"excerpt":{"rendered":"<p>\u1ee8ng d\u1ee5ng c\u1ee7a \u0111\u00e8n Tu\u00fdp Mica \u0111\u1ea7u vu\u00f4ng 60WTu\u00fdp Mica \u0111\u1ea7u vu\u00f4ng 60W\u00a0\u0111\u01b0\u1ee3c s\u1eed d\u1ee5ng r\u1ea5t nhi\u1ec1u \u0111\u1ec3 chi\u1ebfu s\u00e1ng\u00a0kh\u00e1ch s\u1ea1n, c\u1eeda h\u00e0ng, c\u0103n h\u1ed9, v\u0103n ph\u00f2ng,\u00a0c\u1eeda h\u00e0ng\u2026\u1ee9ng d\u1ee5ng cho c\u1ea3 ph\u00f2ng kh\u00e1ch, ph\u00f2ng ng\u1ee7, ph\u00f2ng b\u1ebfp, hi\u00ean nh\u00e0, h\u00e0nh lang\u2026c\u1ee7a nh\u00e0 d\u00e2n<\/p>\n","protected":false},"featured_media":796,"comment_status":"open","ping_status":"closed","template":"","meta":{"_acf_changed":false},"product_cat":[44],"product_tag":[51,53,52],"class_list":{"0":"post-789","1":"product","2":"type-product","3":"status-publish","4":"has-post-thumbnail","6":"product_cat-tuyp-led","7":"product_tag-mica-ban-nguyet","8":"product_tag-tuyp-dau-vuong","9":"product_tag-tuyp-led","11":"first","12":"instock","13":"shipping-taxable","14":"purchasable","15":"product-type-variable"},"acf":[],"yoast_head":"<!-- This site is optimized with the Yoast SEO plugin v22.4 - https:\/\/yoast.com\/wordpress\/plugins\/seo\/ -->\n<title>Tu\u00fdp mica h\u1ed9p vu\u00f4ng 60w - ESENCO<\/title>\n<meta name=\"description\" content=\"L\u00e0 d\u00f2ng s\u1ea3n ph\u1ea9m ch\u1ea5t l\u01b0\u1ee3ng c\u00f3 tu\u1ed5i th\u1ecd l\u00e2u d\u00e0i th\u00edch h\u1ee3p v\u1edbi c\u00e1c v\u0103n ph\u00f2ng, nh\u00e0 x\u01b0\u1edfng, h\u1ed9 gia \u0111\u00ecnh. \u0110\u1eb7c bi\u1ec7t \u0111\u00e2y l\u00e0 d\u00f2ng s\u1ea3n ph\u1ea9m \u0111\u00e8n Tu\u00fdp LED c\u00f3 c\u00f4ng su\u1ea5t v\u00e0 t\u00ednh th\u1ea9m m\u1ef9 cao, ch\u1ea5t l\u01b0\u1ee3ng \u00e1nh s\u00e1ng v\u01b0\u1ee3t tr\u1ed9i v\u00e0 m\u1ee9c ph\u00f9 h\u1ee3p v\u1edbi nh\u00e0 d\u00e2n v\u00e0 c\u00e1c c\u00f4ng tr\u00ecnh x\u00e3 h\u1ed9i.\" \/>\n<meta name=\"robots\" content=\"index, follow, max-snippet:-1, max-image-preview:large, max-video-preview:-1\" \/>\n<link rel=\"canonical\" href=\"https:\/\/esenco.com.vn\/?product=tuyp-mica-hop-vuong-60w\" \/>\n<meta property=\"og:locale\" content=\"vi_VN\" \/>\n<meta property=\"og:type\" content=\"article\" \/>\n<meta property=\"og:title\" content=\"Tu\u00fdp mica h\u1ed9p vu\u00f4ng 60w - ESENCO\" \/>\n<meta property=\"og:description\" content=\"L\u00e0 d\u00f2ng s\u1ea3n ph\u1ea9m ch\u1ea5t l\u01b0\u1ee3ng c\u00f3 tu\u1ed5i th\u1ecd l\u00e2u d\u00e0i th\u00edch h\u1ee3p v\u1edbi c\u00e1c v\u0103n ph\u00f2ng, nh\u00e0 x\u01b0\u1edfng, h\u1ed9 gia \u0111\u00ecnh. \u0110\u1eb7c bi\u1ec7t \u0111\u00e2y l\u00e0 d\u00f2ng s\u1ea3n ph\u1ea9m \u0111\u00e8n Tu\u00fdp LED c\u00f3 c\u00f4ng su\u1ea5t v\u00e0 t\u00ednh th\u1ea9m m\u1ef9 cao, ch\u1ea5t l\u01b0\u1ee3ng \u00e1nh s\u00e1ng v\u01b0\u1ee3t tr\u1ed9i v\u00e0 m\u1ee9c ph\u00f9 h\u1ee3p v\u1edbi nh\u00e0 d\u00e2n v\u00e0 c\u00e1c c\u00f4ng tr\u00ecnh x\u00e3 h\u1ed9i.\" \/>\n<meta property=\"og:url\" content=\"https:\/\/esenco.com.vn\/?product=tuyp-mica-hop-vuong-60w\" \/>\n<meta property=\"og:site_name\" content=\"ESENCO\" \/>\n<meta property=\"article:modified_time\" content=\"2024-04-17T06:47:27+00:00\" \/>\n<meta property=\"og:image\" content=\"https:\/\/esenco.com.vn\/wp-content\/uploads\/2024\/04\/z5353501027146_49eb36b781fae1982778d326aa6f3f2f.jpg\" \/>\n\t<meta property=\"og:image:width\" content=\"404\" \/>\n\t<meta property=\"og:image:height\" content=\"340\" \/>\n\t<meta property=\"og:image:type\" content=\"image\/jpeg\" \/>\n<meta name=\"twitter:card\" content=\"summary_large_image\" \/>\n<meta name=\"twitter:label1\" content=\"\u01af\u1edbc t\u00ednh th\u1eddi gian \u0111\u1ecdc\" \/>\n\t<meta name=\"twitter:data1\" content=\"1 ph\u00fat\" \/>\n<script type=\"application\/ld+json\" class=\"yoast-schema-graph\">{\"@context\":\"https:\/\/schema.org\",\"@graph\":[{\"@type\":\"WebPage\",\"@id\":\"https:\/\/esenco.com.vn\/?product=tuyp-mica-hop-vuong-60w\",\"url\":\"https:\/\/esenco.com.vn\/?product=tuyp-mica-hop-vuong-60w\",\"name\":\"Tu\u00fdp mica h\u1ed9p vu\u00f4ng 60w - ESENCO\",\"isPartOf\":{\"@id\":\"https:\/\/esenco.com.vn\/#website\"},\"primaryImageOfPage\":{\"@id\":\"https:\/\/esenco.com.vn\/?product=tuyp-mica-hop-vuong-60w#primaryimage\"},\"image\":{\"@id\":\"https:\/\/esenco.com.vn\/?product=tuyp-mica-hop-vuong-60w#primaryimage\"},\"thumbnailUrl\":\"https:\/\/esenco.com.vn\/wp-content\/uploads\/2024\/04\/z5353501027146_49eb36b781fae1982778d326aa6f3f2f.jpg\",\"datePublished\":\"2024-04-16T07:45:04+00:00\",\"dateModified\":\"2024-04-17T06:47:27+00:00\",\"description\":\"L\u00e0 d\u00f2ng s\u1ea3n ph\u1ea9m ch\u1ea5t l\u01b0\u1ee3ng c\u00f3 tu\u1ed5i th\u1ecd l\u00e2u d\u00e0i th\u00edch h\u1ee3p v\u1edbi c\u00e1c v\u0103n ph\u00f2ng, nh\u00e0 x\u01b0\u1edfng, h\u1ed9 gia \u0111\u00ecnh. \u0110\u1eb7c bi\u1ec7t \u0111\u00e2y l\u00e0 d\u00f2ng s\u1ea3n ph\u1ea9m \u0111\u00e8n Tu\u00fdp LED c\u00f3 c\u00f4ng su\u1ea5t v\u00e0 t\u00ednh th\u1ea9m m\u1ef9 cao, ch\u1ea5t l\u01b0\u1ee3ng \u00e1nh s\u00e1ng v\u01b0\u1ee3t tr\u1ed9i v\u00e0 m\u1ee9c ph\u00f9 h\u1ee3p v\u1edbi nh\u00e0 d\u00e2n v\u00e0 c\u00e1c c\u00f4ng tr\u00ecnh x\u00e3 h\u1ed9i.\",\"breadcrumb\":{\"@id\":\"https:\/\/esenco.com.vn\/?product=tuyp-mica-hop-vuong-60w#breadcrumb\"},\"inLanguage\":\"vi\",\"potentialAction\":[{\"@type\":\"ReadAction\",\"target\":[\"https:\/\/esenco.com.vn\/?product=tuyp-mica-hop-vuong-60w\"]}]},{\"@type\":\"ImageObject\",\"inLanguage\":\"vi\",\"@id\":\"https:\/\/esenco.com.vn\/?product=tuyp-mica-hop-vuong-60w#primaryimage\",\"url\":\"https:\/\/esenco.com.vn\/wp-content\/uploads\/2024\/04\/z5353501027146_49eb36b781fae1982778d326aa6f3f2f.jpg\",\"contentUrl\":\"https:\/\/esenco.com.vn\/wp-content\/uploads\/2024\/04\/z5353501027146_49eb36b781fae1982778d326aa6f3f2f.jpg\",\"width\":404,\"height\":340},{\"@type\":\"BreadcrumbList\",\"@id\":\"https:\/\/esenco.com.vn\/?product=tuyp-mica-hop-vuong-60w#breadcrumb\",\"itemListElement\":[{\"@type\":\"ListItem\",\"position\":1,\"name\":\"Trang ch\u1ee7\",\"item\":\"https:\/\/esenco.com.vn\/\"},{\"@type\":\"ListItem\",\"position\":2,\"name\":\"Shop\",\"item\":\"https:\/\/esenco.com.vn\/?page_id=37\"},{\"@type\":\"ListItem\",\"position\":3,\"name\":\"Tu\u00fdp mica h\u1ed9p vu\u00f4ng 60w\"}]},{\"@type\":\"WebSite\",\"@id\":\"https:\/\/esenco.com.vn\/#website\",\"url\":\"https:\/\/esenco.com.vn\/\",\"name\":\"ESENCO\",\"description\":\"CH\u1ea4T L\u01af\u1ee2NG L\u00c0 TR\u00c1CH NHI\u1ec6M\",\"potentialAction\":[{\"@type\":\"SearchAction\",\"target\":{\"@type\":\"EntryPoint\",\"urlTemplate\":\"https:\/\/esenco.com.vn\/?s={search_term_string}\"},\"query-input\":\"required name=search_term_string\"}],\"inLanguage\":\"vi\"}]}<\/script>\n<!-- \/ Yoast SEO plugin. -->","yoast_head_json":{"title":"Tu\u00fdp mica h\u1ed9p vu\u00f4ng 60w - ESENCO","description":"L\u00e0 d\u00f2ng s\u1ea3n ph\u1ea9m ch\u1ea5t l\u01b0\u1ee3ng c\u00f3 tu\u1ed5i th\u1ecd l\u00e2u d\u00e0i th\u00edch h\u1ee3p v\u1edbi c\u00e1c v\u0103n ph\u00f2ng, nh\u00e0 x\u01b0\u1edfng, h\u1ed9 gia \u0111\u00ecnh. \u0110\u1eb7c bi\u1ec7t \u0111\u00e2y l\u00e0 d\u00f2ng s\u1ea3n ph\u1ea9m \u0111\u00e8n Tu\u00fdp LED c\u00f3 c\u00f4ng su\u1ea5t v\u00e0 t\u00ednh th\u1ea9m m\u1ef9 cao, ch\u1ea5t l\u01b0\u1ee3ng \u00e1nh s\u00e1ng v\u01b0\u1ee3t tr\u1ed9i v\u00e0 m\u1ee9c ph\u00f9 h\u1ee3p v\u1edbi nh\u00e0 d\u00e2n v\u00e0 c\u00e1c c\u00f4ng tr\u00ecnh x\u00e3 h\u1ed9i.","robots":{"index":"index","follow":"follow","max-snippet":"max-snippet:-1","max-image-preview":"max-image-preview:large","max-video-preview":"max-video-preview:-1"},"canonical":"https:\/\/esenco.com.vn\/?product=tuyp-mica-hop-vuong-60w","og_locale":"vi_VN","og_type":"article","og_title":"Tu\u00fdp mica h\u1ed9p vu\u00f4ng 60w - ESENCO","og_description":"L\u00e0 d\u00f2ng s\u1ea3n ph\u1ea9m ch\u1ea5t l\u01b0\u1ee3ng c\u00f3 tu\u1ed5i th\u1ecd l\u00e2u d\u00e0i th\u00edch h\u1ee3p v\u1edbi c\u00e1c v\u0103n ph\u00f2ng, nh\u00e0 x\u01b0\u1edfng, h\u1ed9 gia \u0111\u00ecnh. \u0110\u1eb7c bi\u1ec7t \u0111\u00e2y l\u00e0 d\u00f2ng s\u1ea3n ph\u1ea9m \u0111\u00e8n Tu\u00fdp LED c\u00f3 c\u00f4ng su\u1ea5t v\u00e0 t\u00ednh th\u1ea9m m\u1ef9 cao, ch\u1ea5t l\u01b0\u1ee3ng \u00e1nh s\u00e1ng v\u01b0\u1ee3t tr\u1ed9i v\u00e0 m\u1ee9c ph\u00f9 h\u1ee3p v\u1edbi nh\u00e0 d\u00e2n v\u00e0 c\u00e1c c\u00f4ng tr\u00ecnh x\u00e3 h\u1ed9i.","og_url":"https:\/\/esenco.com.vn\/?product=tuyp-mica-hop-vuong-60w","og_site_name":"ESENCO","article_modified_time":"2024-04-17T06:47:27+00:00","og_image":[{"width":404,"height":340,"url":"https:\/\/esenco.com.vn\/wp-content\/uploads\/2024\/04\/z5353501027146_49eb36b781fae1982778d326aa6f3f2f.jpg","type":"image\/jpeg"}],"twitter_card":"summary_large_image","twitter_misc":{"\u01af\u1edbc t\u00ednh th\u1eddi gian \u0111\u1ecdc":"1 ph\u00fat"},"schema":{"@context":"https:\/\/schema.org","@graph":[{"@type":"WebPage","@id":"https:\/\/esenco.com.vn\/?product=tuyp-mica-hop-vuong-60w","url":"https:\/\/esenco.com.vn\/?product=tuyp-mica-hop-vuong-60w","name":"Tu\u00fdp mica h\u1ed9p vu\u00f4ng 60w - ESENCO","isPartOf":{"@id":"https:\/\/esenco.com.vn\/#website"},"primaryImageOfPage":{"@id":"https:\/\/esenco.com.vn\/?product=tuyp-mica-hop-vuong-60w#primaryimage"},"image":{"@id":"https:\/\/esenco.com.vn\/?product=tuyp-mica-hop-vuong-60w#primaryimage"},"thumbnailUrl":"https:\/\/esenco.com.vn\/wp-content\/uploads\/2024\/04\/z5353501027146_49eb36b781fae1982778d326aa6f3f2f.jpg","datePublished":"2024-04-16T07:45:04+00:00","dateModified":"2024-04-17T06:47:27+00:00","description":"L\u00e0 d\u00f2ng s\u1ea3n ph\u1ea9m ch\u1ea5t l\u01b0\u1ee3ng c\u00f3 tu\u1ed5i th\u1ecd l\u00e2u d\u00e0i th\u00edch h\u1ee3p v\u1edbi c\u00e1c v\u0103n ph\u00f2ng, nh\u00e0 x\u01b0\u1edfng, h\u1ed9 gia \u0111\u00ecnh. \u0110\u1eb7c bi\u1ec7t \u0111\u00e2y l\u00e0 d\u00f2ng s\u1ea3n ph\u1ea9m \u0111\u00e8n Tu\u00fdp LED c\u00f3 c\u00f4ng su\u1ea5t v\u00e0 t\u00ednh th\u1ea9m m\u1ef9 cao, ch\u1ea5t l\u01b0\u1ee3ng \u00e1nh s\u00e1ng v\u01b0\u1ee3t tr\u1ed9i v\u00e0 m\u1ee9c ph\u00f9 h\u1ee3p v\u1edbi nh\u00e0 d\u00e2n v\u00e0 c\u00e1c c\u00f4ng tr\u00ecnh x\u00e3 h\u1ed9i.","breadcrumb":{"@id":"https:\/\/esenco.com.vn\/?product=tuyp-mica-hop-vuong-60w#breadcrumb"},"inLanguage":"vi","potentialAction":[{"@type":"ReadAction","target":["https:\/\/esenco.com.vn\/?product=tuyp-mica-hop-vuong-60w"]}]},{"@type":"ImageObject","inLanguage":"vi","@id":"https:\/\/esenco.com.vn\/?product=tuyp-mica-hop-vuong-60w#primaryimage","url":"https:\/\/esenco.com.vn\/wp-content\/uploads\/2024\/04\/z5353501027146_49eb36b781fae1982778d326aa6f3f2f.jpg","contentUrl":"https:\/\/esenco.com.vn\/wp-content\/uploads\/2024\/04\/z5353501027146_49eb36b781fae1982778d326aa6f3f2f.jpg","width":404,"height":340},{"@type":"BreadcrumbList","@id":"https:\/\/esenco.com.vn\/?product=tuyp-mica-hop-vuong-60w#breadcrumb","itemListElement":[{"@type":"ListItem","position":1,"name":"Trang ch\u1ee7","item":"https:\/\/esenco.com.vn\/"},{"@type":"ListItem","position":2,"name":"Shop","item":"https:\/\/esenco.com.vn\/?page_id=37"},{"@type":"ListItem","position":3,"name":"Tu\u00fdp mica h\u1ed9p vu\u00f4ng 60w"}]},{"@type":"WebSite","@id":"https:\/\/esenco.com.vn\/#website","url":"https:\/\/esenco.com.vn\/","name":"ESENCO","description":"CH\u1ea4T L\u01af\u1ee2NG L\u00c0 TR\u00c1CH NHI\u1ec6M","potentialAction":[{"@type":"SearchAction","target":{"@type":"EntryPoint","urlTemplate":"https:\/\/esenco.com.vn\/?s={search_term_string}"},"query-input":"required name=search_term_string"}],"inLanguage":"vi"}]}},"_links":{"self":[{"href":"https:\/\/esenco.com.vn\/index.php?rest_route=\/wp\/v2\/product\/789","targetHints":{"allow":["GET"]}}],"collection":[{"href":"https:\/\/esenco.com.vn\/index.php?rest_route=\/wp\/v2\/product"}],"about":[{"href":"https:\/\/esenco.com.vn\/index.php?rest_route=\/wp\/v2\/types\/product"}],"replies":[{"embeddable":true,"href":"https:\/\/esenco.com.vn\/index.php?rest_route=%2Fwp%2Fv2%2Fcomments&post=789"}],"wp:featuredmedia":[{"embeddable":true,"href":"https:\/\/esenco.com.vn\/index.php?rest_route=\/wp\/v2\/media\/796"}],"wp:attachment":[{"href":"https:\/\/esenco.com.vn\/index.php?rest_route=%2Fwp%2Fv2%2Fmedia&parent=789"}],"wp:term":[{"taxonomy":"product_cat","embeddable":true,"href":"https:\/\/esenco.com.vn\/index.php?rest_route=%2Fwp%2Fv2%2Fproduct_cat&post=789"},{"taxonomy":"product_tag","embeddable":true,"href":"https:\/\/esenco.com.vn\/index.php?rest_route=%2Fwp%2Fv2%2Fproduct_tag&post=789"}],"curies":[{"name":"wp","href":"https:\/\/api.w.org\/{rel}","templated":true}]}}