{"id":843,"date":"2024-04-17T13:32:22","date_gmt":"2024-04-17T06:32:22","guid":{"rendered":"https:\/\/esenco.com.vn\/?post_type=product&#038;p=843"},"modified":"2024-04-22T10:39:02","modified_gmt":"2024-04-22T03:39:02","slug":"bup-tru-duc-30w","status":"publish","type":"product","link":"https:\/\/esenco.com.vn\/?product=bup-tru-duc-30w","title":{"rendered":"B\u00daP TR\u1ee4 \u0110\u00daC 30W"},"content":{"rendered":"<ol>\n<li>C\u1ea5u t\u1ea1o<\/li>\n<\/ol>\n<ul>\n<li><strong>Chip led<\/strong> nh\u1eadp kh\u1ea9u cao c\u1ea5p, \u0111\u1ed9 ch\u1ecbu nhi\u1ec7t c\u1ee7a chip led l\u00ean t\u1edbi 130\u00b0C v\u1edbi ch\u1ec9 s\u1ed1 ho\u00e0n m\u00e0u Ra&gt;85 cho \u00e1nh s\u00e1ng th\u1ef1c h\u01a1n, s\u1eafc n\u00e9t h\u01a1n.<\/li>\n<li><strong>B\u1ed9 ngu\u1ed3n<\/strong> s\u1eed d\u1ee5ng linh ki\u1ec7n t\u1ed1t gi\u00fap \u0111\u00e8n s\u00e1ng \u1ed5n \u0111\u1ecbnh. D\u1ea3i \u0111i\u1ec7n r\u1ed9ng t\u1eeb 85V-265V, ph\u00f9 h\u1ee3p v\u1edbi \u0111i\u1ec7n l\u01b0\u1edbi qu\u1ed1c gia.<\/li>\n<li><strong>PC th\u1ea5u quang<\/strong> 90%\u00a0v\u1edbi nguy\u00ean li\u1ec7u nh\u1ef1a nguy\u00ean sinh trong h\u01a1n so v\u1edbi c\u00e1c d\u00f2ng c\u0169, g\u00f3c chi\u1ebfu r\u1ed9ng l\u00ean t\u1edbi 270\u00b0 cho \u00e1nh s\u00e1ng \u0111\u1ec1u v\u00e0 s\u00e1ng r\u1ed9ng, an to\u00e0n s\u1eed d\u1ee5ng.<\/li>\n<li>K<strong>\u1ebft c\u1ea5u t\u1ea3n nhi\u1ec7t <\/strong>nh\u00f4m \u0111\u00fac nguy\u00ean kh\u1ed1i c\u00f9ng c\u00e1nh t\u1ea3n nhi\u1ec7t \u0111a chi\u1ec1u \u0111\u00e3 ph\u00e1t huy t\u1ed1i \u0111a kh\u1ea3 n\u0103ng t\u1ea3n nhi\u1ec7t. \u0110i\u1ec1u n\u00e0y cho ph\u00e9p th\u1eddi gian s\u1eed d\u1ee5ng \u0111\u00e8n li\u00ean t\u1ee5c l\u00ean t\u1edbi 12h\/ng\u00e0y m\u00e0 kh\u00f4ng \u1ea3nh h\u01b0\u1edfng \u0111\u1ebfn tu\u1ed5i th\u1ecd c\u1ee7a b\u00f3ng \u0111\u00e8n.<\/li>\n<li><strong>\u0110ui \u0111\u00e8n E27<\/strong> theo ti\u00eau chu\u1ea9n qu\u1ed1c t\u1ebf \u0111\u01b0\u1ee3c m\u1ea1 CROM, ch\u1ed1ng r\u1ec9 theo th\u1eddi gian, n\u00e2ng cao kh\u1ea3 n\u0103ng ti\u1ebfp \u0111i\u1ec7n, t\u0103ng t\u00ednh th\u1ea9m m\u1ef9.<\/li>\n<li><strong>Ch\u00f3a \u0111\u00e8n\u00a0\u0111\u01b0\u1ee3c l\u00e0m t\u1eeb mica tr\u1eafng m\u1edd, thi\u1ebft k\u1ebf k\u00edn gi\u00fap \u0111\u00e8n c\u00f3 kh\u1ea3 n\u0103ng ch\u1ed1ng \u1ea9m, ch\u1ed1ng c\u00f4n tr\u00f9ng x\u00e2m nh\u1eadp. Ngo\u00e0i ra ch\u00f3a Mica m\u1edd cho \u00e1nh s\u00e1ng \u0111\u1ec1u, t\u1ed1t cho m\u1eaft, ch\u1ed1ng l\u00f3a, m\u1ecfi m\u1eaft, b\u1ea3o v\u1ec7 m\u1eaft hi\u1ec7u qu\u1ea3 theo ti\u00eau chu\u1ea9n Ch\u00e2u \u00c2u.<\/strong><\/li>\n<li><\/li>\n<li>\u1ee8ng d\u1ee5ng: \u0111\u01b0\u1ee3c s\u1eed d\u1ee5ng r\u1ed9ng r\u00e3i v\u00e0o nhi\u1ec1u c\u00f4ng tr\u00ecnh chi\u1ebfu s\u00e1ng nh\u01b0\u201d<\/li>\n<li>Nh\u00e0 \u1edf: s\u00e2n v\u01b0\u1eddn, c\u00e1c ph\u00f2ng trong gia \u0111\u00ecnh nh\u01b0 ph\u00f2ng kh\u00e1ch, ph\u00f2ng \u0103n, ph\u00f2ng \u0111\u1ecdc s\u00e1ch,\u2026<\/li>\n<li>C\u00f4ng tr\u00ecnh chi\u1ebfu s\u00e1ng c\u00f4ng c\u1ed9ng, s\u00e2n ch\u01a1i nh\u1ecf, \u0111i\u1ec7n \u0111\u01b0\u1eddng x\u00f3m\u2026<\/li>\n<li>C\u00f4ng tr\u00ecnh nh\u00e0 x\u01b0\u1edfng nh\u1ecf\u2026<\/li>\n<\/ul>\n","protected":false},"excerpt":{"rendered":"<p>C\u1ea5u t\u1ea1o Chip led nh\u1eadp kh\u1ea9u cao c\u1ea5p, \u0111\u1ed9 ch\u1ecbu nhi\u1ec7t c\u1ee7a chip led l\u00ean t\u1edbi 130\u00b0C v\u1edbi ch\u1ec9 s\u1ed1 ho\u00e0n m\u00e0u Ra&gt;85 cho \u00e1nh s\u00e1ng th\u1ef1c h\u01a1n, s\u1eafc n\u00e9t h\u01a1n. B\u1ed9 ngu\u1ed3n s\u1eed d\u1ee5ng linh ki\u1ec7n t\u1ed1t gi\u00fap \u0111\u00e8n s\u00e1ng \u1ed5n \u0111\u1ecbnh. D\u1ea3i \u0111i\u1ec7n r\u1ed9ng t\u1eeb 85V-265V, ph\u00f9 h\u1ee3p v\u1edbi \u0111i\u1ec7n l\u01b0\u1edbi qu\u1ed1c gia. [&#8230;]\n","protected":false},"featured_media":1010,"comment_status":"open","ping_status":"closed","template":"","meta":{"_acf_changed":false},"product_cat":[16,36],"product_tag":[57,58],"class_list":{"0":"post-843","1":"product","2":"type-product","3":"status-publish","4":"has-post-thumbnail","6":"product_cat-bong-den-led-bulb","7":"product_cat-tru-duc","8":"product_tag-bup-tru-duc","9":"product_tag-than-duc","11":"first","12":"instock","13":"shipping-taxable","14":"purchasable","15":"product-type-variable"},"acf":[],"yoast_head":"<!-- This site is optimized with the Yoast SEO plugin v22.4 - https:\/\/yoast.com\/wordpress\/plugins\/seo\/ -->\n<title>B\u00daP TR\u1ee4 \u0110\u00daC 30W - ESENCO<\/title>\n<meta name=\"description\" content=\"\u0110\u00e8n led b\u00fap tr\u1ee5 th\u00e2n \u0111\u00fac l\u00e0 d\u00f2ng \u0111\u00e8n LED b\u00fap tr\u1ee5 cao c\u1ea5p nh\u1ea5t c\u1ee7a ESENCO s\u1eed d\u1ee5ng chip LED nh\u1eadp kh\u1ea9u v\u1edbi ch\u1ec9 s\u1ed1 ho\u00e0n m\u00e0u cao, cho \u00e1nh s\u00e1ng trung th\u1ef1c. K\u1ebft c\u1ea5u nguy\u00ean kh\u1ed1i nh\u00f4m \u0111\u00fac cho ph\u1ea7n t\u1ea3n nhi\u1ec7t \u01b0u th\u1ebf v\u01b0\u1ee3t tr\u1ed9i, th\u00e1ch th\u1ee9c m\u1ecdi th\u1eddi gian.\" \/>\n<meta name=\"robots\" content=\"index, follow, max-snippet:-1, max-image-preview:large, max-video-preview:-1\" \/>\n<link rel=\"canonical\" href=\"https:\/\/esenco.com.vn\/?product=bup-tru-duc-30w\" \/>\n<meta property=\"og:locale\" content=\"vi_VN\" \/>\n<meta property=\"og:type\" content=\"article\" \/>\n<meta property=\"og:title\" content=\"B\u00daP TR\u1ee4 \u0110\u00daC 30W - ESENCO\" \/>\n<meta property=\"og:description\" content=\"\u0110\u00e8n led b\u00fap tr\u1ee5 th\u00e2n \u0111\u00fac l\u00e0 d\u00f2ng \u0111\u00e8n LED b\u00fap tr\u1ee5 cao c\u1ea5p nh\u1ea5t c\u1ee7a ESENCO s\u1eed d\u1ee5ng chip LED nh\u1eadp kh\u1ea9u v\u1edbi ch\u1ec9 s\u1ed1 ho\u00e0n m\u00e0u cao, cho \u00e1nh s\u00e1ng trung th\u1ef1c. K\u1ebft c\u1ea5u nguy\u00ean kh\u1ed1i nh\u00f4m \u0111\u00fac cho ph\u1ea7n t\u1ea3n nhi\u1ec7t \u01b0u th\u1ebf v\u01b0\u1ee3t tr\u1ed9i, th\u00e1ch th\u1ee9c m\u1ecdi th\u1eddi gian.\" \/>\n<meta property=\"og:url\" content=\"https:\/\/esenco.com.vn\/?product=bup-tru-duc-30w\" \/>\n<meta property=\"og:site_name\" content=\"ESENCO\" \/>\n<meta property=\"article:modified_time\" content=\"2024-04-22T03:39:02+00:00\" \/>\n<meta property=\"og:image\" content=\"https:\/\/esenco.com.vn\/wp-content\/uploads\/2024\/04\/ES-TD30_\u753b\u677f-1.png\" \/>\n\t<meta property=\"og:image:width\" content=\"2802\" \/>\n\t<meta property=\"og:image:height\" content=\"2728\" \/>\n\t<meta property=\"og:image:type\" content=\"image\/png\" \/>\n<meta name=\"twitter:card\" content=\"summary_large_image\" \/>\n<meta name=\"twitter:label1\" content=\"\u01af\u1edbc t\u00ednh th\u1eddi gian \u0111\u1ecdc\" \/>\n\t<meta name=\"twitter:data1\" content=\"2 ph\u00fat\" \/>\n<script type=\"application\/ld+json\" class=\"yoast-schema-graph\">{\"@context\":\"https:\/\/schema.org\",\"@graph\":[{\"@type\":\"WebPage\",\"@id\":\"https:\/\/esenco.com.vn\/?product=bup-tru-duc-30w\",\"url\":\"https:\/\/esenco.com.vn\/?product=bup-tru-duc-30w\",\"name\":\"B\u00daP TR\u1ee4 \u0110\u00daC 30W - ESENCO\",\"isPartOf\":{\"@id\":\"https:\/\/esenco.com.vn\/#website\"},\"primaryImageOfPage\":{\"@id\":\"https:\/\/esenco.com.vn\/?product=bup-tru-duc-30w#primaryimage\"},\"image\":{\"@id\":\"https:\/\/esenco.com.vn\/?product=bup-tru-duc-30w#primaryimage\"},\"thumbnailUrl\":\"https:\/\/esenco.com.vn\/wp-content\/uploads\/2024\/04\/ES-TD30_\u753b\u677f-1.png\",\"datePublished\":\"2024-04-17T06:32:22+00:00\",\"dateModified\":\"2024-04-22T03:39:02+00:00\",\"description\":\"\u0110\u00e8n led b\u00fap tr\u1ee5 th\u00e2n \u0111\u00fac l\u00e0 d\u00f2ng \u0111\u00e8n LED b\u00fap tr\u1ee5 cao c\u1ea5p nh\u1ea5t c\u1ee7a ESENCO s\u1eed d\u1ee5ng chip LED nh\u1eadp kh\u1ea9u v\u1edbi ch\u1ec9 s\u1ed1 ho\u00e0n m\u00e0u cao, cho \u00e1nh s\u00e1ng trung th\u1ef1c. K\u1ebft c\u1ea5u nguy\u00ean kh\u1ed1i nh\u00f4m \u0111\u00fac cho ph\u1ea7n t\u1ea3n nhi\u1ec7t \u01b0u th\u1ebf v\u01b0\u1ee3t tr\u1ed9i, th\u00e1ch th\u1ee9c m\u1ecdi th\u1eddi gian.\",\"breadcrumb\":{\"@id\":\"https:\/\/esenco.com.vn\/?product=bup-tru-duc-30w#breadcrumb\"},\"inLanguage\":\"vi\",\"potentialAction\":[{\"@type\":\"ReadAction\",\"target\":[\"https:\/\/esenco.com.vn\/?product=bup-tru-duc-30w\"]}]},{\"@type\":\"ImageObject\",\"inLanguage\":\"vi\",\"@id\":\"https:\/\/esenco.com.vn\/?product=bup-tru-duc-30w#primaryimage\",\"url\":\"https:\/\/esenco.com.vn\/wp-content\/uploads\/2024\/04\/ES-TD30_\u753b\u677f-1.png\",\"contentUrl\":\"https:\/\/esenco.com.vn\/wp-content\/uploads\/2024\/04\/ES-TD30_\u753b\u677f-1.png\",\"width\":2802,\"height\":2728},{\"@type\":\"BreadcrumbList\",\"@id\":\"https:\/\/esenco.com.vn\/?product=bup-tru-duc-30w#breadcrumb\",\"itemListElement\":[{\"@type\":\"ListItem\",\"position\":1,\"name\":\"Trang ch\u1ee7\",\"item\":\"https:\/\/esenco.com.vn\/\"},{\"@type\":\"ListItem\",\"position\":2,\"name\":\"Shop\",\"item\":\"https:\/\/esenco.com.vn\/?page_id=37\"},{\"@type\":\"ListItem\",\"position\":3,\"name\":\"B\u00daP TR\u1ee4 \u0110\u00daC 30W\"}]},{\"@type\":\"WebSite\",\"@id\":\"https:\/\/esenco.com.vn\/#website\",\"url\":\"https:\/\/esenco.com.vn\/\",\"name\":\"ESENCO\",\"description\":\"CH\u1ea4T L\u01af\u1ee2NG L\u00c0 TR\u00c1CH NHI\u1ec6M\",\"potentialAction\":[{\"@type\":\"SearchAction\",\"target\":{\"@type\":\"EntryPoint\",\"urlTemplate\":\"https:\/\/esenco.com.vn\/?s={search_term_string}\"},\"query-input\":\"required name=search_term_string\"}],\"inLanguage\":\"vi\"}]}<\/script>\n<!-- \/ Yoast SEO plugin. -->","yoast_head_json":{"title":"B\u00daP TR\u1ee4 \u0110\u00daC 30W - ESENCO","description":"\u0110\u00e8n led b\u00fap tr\u1ee5 th\u00e2n \u0111\u00fac l\u00e0 d\u00f2ng \u0111\u00e8n LED b\u00fap tr\u1ee5 cao c\u1ea5p nh\u1ea5t c\u1ee7a ESENCO s\u1eed d\u1ee5ng chip LED nh\u1eadp kh\u1ea9u v\u1edbi ch\u1ec9 s\u1ed1 ho\u00e0n m\u00e0u cao, cho \u00e1nh s\u00e1ng trung th\u1ef1c. K\u1ebft c\u1ea5u nguy\u00ean kh\u1ed1i nh\u00f4m \u0111\u00fac cho ph\u1ea7n t\u1ea3n nhi\u1ec7t \u01b0u th\u1ebf v\u01b0\u1ee3t tr\u1ed9i, th\u00e1ch th\u1ee9c m\u1ecdi th\u1eddi gian.","robots":{"index":"index","follow":"follow","max-snippet":"max-snippet:-1","max-image-preview":"max-image-preview:large","max-video-preview":"max-video-preview:-1"},"canonical":"https:\/\/esenco.com.vn\/?product=bup-tru-duc-30w","og_locale":"vi_VN","og_type":"article","og_title":"B\u00daP TR\u1ee4 \u0110\u00daC 30W - ESENCO","og_description":"\u0110\u00e8n led b\u00fap tr\u1ee5 th\u00e2n \u0111\u00fac l\u00e0 d\u00f2ng \u0111\u00e8n LED b\u00fap tr\u1ee5 cao c\u1ea5p nh\u1ea5t c\u1ee7a ESENCO s\u1eed d\u1ee5ng chip LED nh\u1eadp kh\u1ea9u v\u1edbi ch\u1ec9 s\u1ed1 ho\u00e0n m\u00e0u cao, cho \u00e1nh s\u00e1ng trung th\u1ef1c. K\u1ebft c\u1ea5u nguy\u00ean kh\u1ed1i nh\u00f4m \u0111\u00fac cho ph\u1ea7n t\u1ea3n nhi\u1ec7t \u01b0u th\u1ebf v\u01b0\u1ee3t tr\u1ed9i, th\u00e1ch th\u1ee9c m\u1ecdi th\u1eddi gian.","og_url":"https:\/\/esenco.com.vn\/?product=bup-tru-duc-30w","og_site_name":"ESENCO","article_modified_time":"2024-04-22T03:39:02+00:00","og_image":[{"width":2802,"height":2728,"url":"https:\/\/esenco.com.vn\/wp-content\/uploads\/2024\/04\/ES-TD30_\u753b\u677f-1.png","type":"image\/png"}],"twitter_card":"summary_large_image","twitter_misc":{"\u01af\u1edbc t\u00ednh th\u1eddi gian \u0111\u1ecdc":"2 ph\u00fat"},"schema":{"@context":"https:\/\/schema.org","@graph":[{"@type":"WebPage","@id":"https:\/\/esenco.com.vn\/?product=bup-tru-duc-30w","url":"https:\/\/esenco.com.vn\/?product=bup-tru-duc-30w","name":"B\u00daP TR\u1ee4 \u0110\u00daC 30W - ESENCO","isPartOf":{"@id":"https:\/\/esenco.com.vn\/#website"},"primaryImageOfPage":{"@id":"https:\/\/esenco.com.vn\/?product=bup-tru-duc-30w#primaryimage"},"image":{"@id":"https:\/\/esenco.com.vn\/?product=bup-tru-duc-30w#primaryimage"},"thumbnailUrl":"https:\/\/esenco.com.vn\/wp-content\/uploads\/2024\/04\/ES-TD30_\u753b\u677f-1.png","datePublished":"2024-04-17T06:32:22+00:00","dateModified":"2024-04-22T03:39:02+00:00","description":"\u0110\u00e8n led b\u00fap tr\u1ee5 th\u00e2n \u0111\u00fac l\u00e0 d\u00f2ng \u0111\u00e8n LED b\u00fap tr\u1ee5 cao c\u1ea5p nh\u1ea5t c\u1ee7a ESENCO s\u1eed d\u1ee5ng chip LED nh\u1eadp kh\u1ea9u v\u1edbi ch\u1ec9 s\u1ed1 ho\u00e0n m\u00e0u cao, cho \u00e1nh s\u00e1ng trung th\u1ef1c. K\u1ebft c\u1ea5u nguy\u00ean kh\u1ed1i nh\u00f4m \u0111\u00fac cho ph\u1ea7n t\u1ea3n nhi\u1ec7t \u01b0u th\u1ebf v\u01b0\u1ee3t tr\u1ed9i, th\u00e1ch th\u1ee9c m\u1ecdi th\u1eddi gian.","breadcrumb":{"@id":"https:\/\/esenco.com.vn\/?product=bup-tru-duc-30w#breadcrumb"},"inLanguage":"vi","potentialAction":[{"@type":"ReadAction","target":["https:\/\/esenco.com.vn\/?product=bup-tru-duc-30w"]}]},{"@type":"ImageObject","inLanguage":"vi","@id":"https:\/\/esenco.com.vn\/?product=bup-tru-duc-30w#primaryimage","url":"https:\/\/esenco.com.vn\/wp-content\/uploads\/2024\/04\/ES-TD30_\u753b\u677f-1.png","contentUrl":"https:\/\/esenco.com.vn\/wp-content\/uploads\/2024\/04\/ES-TD30_\u753b\u677f-1.png","width":2802,"height":2728},{"@type":"BreadcrumbList","@id":"https:\/\/esenco.com.vn\/?product=bup-tru-duc-30w#breadcrumb","itemListElement":[{"@type":"ListItem","position":1,"name":"Trang ch\u1ee7","item":"https:\/\/esenco.com.vn\/"},{"@type":"ListItem","position":2,"name":"Shop","item":"https:\/\/esenco.com.vn\/?page_id=37"},{"@type":"ListItem","position":3,"name":"B\u00daP TR\u1ee4 \u0110\u00daC 30W"}]},{"@type":"WebSite","@id":"https:\/\/esenco.com.vn\/#website","url":"https:\/\/esenco.com.vn\/","name":"ESENCO","description":"CH\u1ea4T L\u01af\u1ee2NG L\u00c0 TR\u00c1CH NHI\u1ec6M","potentialAction":[{"@type":"SearchAction","target":{"@type":"EntryPoint","urlTemplate":"https:\/\/esenco.com.vn\/?s={search_term_string}"},"query-input":"required name=search_term_string"}],"inLanguage":"vi"}]}},"_links":{"self":[{"href":"https:\/\/esenco.com.vn\/index.php?rest_route=\/wp\/v2\/product\/843","targetHints":{"allow":["GET"]}}],"collection":[{"href":"https:\/\/esenco.com.vn\/index.php?rest_route=\/wp\/v2\/product"}],"about":[{"href":"https:\/\/esenco.com.vn\/index.php?rest_route=\/wp\/v2\/types\/product"}],"replies":[{"embeddable":true,"href":"https:\/\/esenco.com.vn\/index.php?rest_route=%2Fwp%2Fv2%2Fcomments&post=843"}],"wp:featuredmedia":[{"embeddable":true,"href":"https:\/\/esenco.com.vn\/index.php?rest_route=\/wp\/v2\/media\/1010"}],"wp:attachment":[{"href":"https:\/\/esenco.com.vn\/index.php?rest_route=%2Fwp%2Fv2%2Fmedia&parent=843"}],"wp:term":[{"taxonomy":"product_cat","embeddable":true,"href":"https:\/\/esenco.com.vn\/index.php?rest_route=%2Fwp%2Fv2%2Fproduct_cat&post=843"},{"taxonomy":"product_tag","embeddable":true,"href":"https:\/\/esenco.com.vn\/index.php?rest_route=%2Fwp%2Fv2%2Fproduct_tag&post=843"}],"curies":[{"name":"wp","href":"https:\/\/api.w.org\/{rel}","templated":true}]}}